{"id":769,"date":"2021-10-30T15:15:49","date_gmt":"2021-10-30T15:15:49","guid":{"rendered":"https:\/\/new.k1-hagen.de\/?page_id=769"},"modified":"2021-10-30T15:16:51","modified_gmt":"2021-10-30T15:16:51","slug":"verhalten-bei-gefahr","status":"publish","type":"page","link":"https:\/\/www.k1-hagen.de\/index.php\/verhalten-bei-gefahr\/","title":{"rendered":"Verhalten bei Gefahr"},"content":{"rendered":"<div class=\"article-rel-wrapper\">\n<h2 class=\"contentheading\">Verhalten bei Gefahr<\/h2>\n<\/div>\n<p>Zu Beginn eines jeden Schuljahres sind die Sch\u00fclerinnen und Sch\u00fcler durch die Klassenlehrerin\/den Klassenleh\u00adrer in den folgenden Punkten zu unterrichten. Die Unterrichtung ist im Klassenbuch zu dokumentieren.<\/p>\n<p>&nbsp;<\/p>\n<p><strong>Sicherheitseinrichtungen<\/strong><\/p>\n<p>Die Sicherheitseinrichtungen sollen im Brandfall\/Katastrophenfall Leben und Gesundheit sch\u00fctzen. Zu ihnen z\u00e4hlen: Beschilderungen, Feuerl\u00f6scheinrichtungen, Brandmeldeanlagen und Rauchschutzt\u00fcren. Sie m\u00fcssen jederzeit f\u00fcr jedermann frei zug\u00e4nglich sein.<\/p>\n<p>Sicherheitseinrichtungen d\u00fcrfen deshalb nicht missbraucht, zugestellt oder in ihrer Funktion ge\u00e4ndert werden. Wer Sicherheitseinrichtungen mutwillig besch\u00e4digt oder missbraucht, ris\u00adkiert in einem Gefahrenfall die eigene Gesundheit und die der anderen Personen und macht sich strafbar.<\/p>\n<p>&nbsp;<\/p>\n<p><strong>Verhalten bei Gefahr<\/strong><\/p>\n<p><b>Alarmfall:<\/b><\/p>\n<ul>\n<li>Das Alarmsignal besteht aus vielen kurzen aufeinander folgenden T\u00f6nen der Schulklingel.<\/li>\n<li>Die Ausl\u00f6sung des Alarmsignals erfolgt durch die Schulleitung, den Hausmeister oder das Sekretariat.<\/li>\n<li>Die Alarmierung der Feuerwehr erfolgt \u00fcber Tel.-Nr. 112.<\/li>\n<\/ul>\n<p><strong>Verhalten im Alarmfall:<\/strong><\/p>\n<ol>\n<li>Am wichtigsten: Ruhe bewahren!<\/li>\n<li>Helfen Sie verhinderten Personen.<\/li>\n<li>Die Fenster werden geschlossen.<\/li>\n<li>Die Sch\u00fcler verlassen m\u00f6glichst im Klassenverband den Klassenraum und begeben sich \u00fcber den Rettungsweg (den gr\u00fcnen Rettungsschildem nach) zur Sammelstelle.<\/li>\n<li>Der Klassensprecher geht voraus.<\/li>\n<li>Der Lehrer geht zuletzt aus dem Raum, er klinkt die T\u00fcr ein, schlie\u00dft aber nicht ab.<\/li>\n<li>Der Lehrer nimmt das Klassenbuch mit.<\/li>\n<li>Der Lehrer achtet darauf, dass kein Sch\u00fcler zur\u00fcckbleibt und begleitet die Sch\u00fcler.<\/li>\n<li>Auf dem Rettungsweg gehen die Sch\u00fcler z\u00fcgig &#8211; aber ohne Panik &#8211; nach drau\u00dfen zu den gefahrenfreien Sammelstellen (s.u.).<\/li>\n<li>Der Lehrer stellt dort die vollst\u00e4ndige Anwesenheit der Klasse fest.<\/li>\n<li>Der Schulhof und die Zufahrtstra\u00dfen m\u00fcssen \u00fcber die Feuerwehr freigehalten werden.<\/li>\n<\/ol>\n<p><strong>Sammelstellen:<\/strong><\/p>\n<ul>\n<li>Freifl\u00e4che in der Volmeanlage (vor der Schule jenseits der Springmannstra\u00dfe; Vor\u00adsicht beim \u00dcberqueren der Stra\u00dfe!)<\/li>\n<li>Lehrerparkplatz (hinter der Schule)<\/li>\n<\/ul>\n<p><strong>Rettungswege:<\/strong><\/p>\n<p>Die vorgeschriebenen Rettungswege sind einzuhalten (vgl. auch gr\u00fcne Rettungszeichen!)<\/p>\n<table border=\"0\" cellpadding=\"5\">\n<tbody>\n<tr>\n<td>Rettungswege \u00fcber die\u00a0<strong>Haupttreppe<\/strong><\/td>\n<td>Rettungswege \u00fcber die\u00a0<strong>Hintertreppe<\/strong><\/td>\n<\/tr>\n<tr>\n<td>R\u00e4ume:<\/p>\n<p>500, 501, 502, 503, 504<\/p>\n<p>402, 403, 404, 405, 406, 407, 408, 409, 410<\/p>\n<p>303, 304, 305, 306, 307, 308, 309, 310, 311<\/p>\n<p>202, 203, 204, Lehrerzimmer und Verwaltungstrakt<\/p>\n<p>103, 104, 105, 106, 107<\/td>\n<td>R\u00e4ume:<\/p>\n<p>&nbsp;<\/p>\n<p>400, 401<\/p>\n<p>300, 301, 302<\/p>\n<p>200, 201<\/p>\n<p>100, 101, 102<\/td>\n<\/tr>\n<\/tbody>\n<\/table>\n<p>Im Brandfall darf auf keinen Fall der Fahrstuhl genutzt werden.<\/p>\n<p>Ist die Benutzung der Rettungswege nicht mehr m\u00f6glich, bleiben Sch\u00fcler mit dem Lehrer im Klassenraum und machen sich am Fenster bemerkbar.<\/p>\n<p>Ein Dauerton beendet den Alarm.<\/p>\n<p>&nbsp;<\/p>\n<p>&nbsp;<\/p>\n<p><strong>Unfall einer Sch\u00fclerin bzw. eines Sch\u00fclers<\/strong><\/p>\n<p>&nbsp;<\/p>\n<p>Wenn der Sch\u00fcler sich selbst fortbewegen kann, schickt der Lehrer ihn in das Schulb\u00fcro, n\u00f6\u00adtigenfalls mit einem Begleiter. Der Lehrer stellt etwaige Zeugen fest. In der folgenden Pause geht der Lehrer in das B\u00fcro, um die Unfallmeldung auszuf\u00fcllen.<\/p>\n<p>Kann der Sch\u00fcler sich nicht selbst fortbewegen, l\u00e4sst der Lehrer den Unfall dem Schulb\u00fcro melden. Wenn das B\u00fcro geschlossen ist, muss der Schulleiter, die stellvertretende Schulleite\u00adrin oder der Hausmeister benachrichtigt werden. Von dort aus wird der Rettungsdienst geru\u00adfen.<\/p>\n<p>&nbsp;<\/p>\n<p><strong>Erkrankung einer Sch\u00fclerin bzw. eines Sch\u00fclers<\/strong><\/p>\n<p>&nbsp;<\/p>\n<p>Der Sch\u00fcler kann sich im Sanit\u00e4tsraum Raum 019 (neben dem Hausmeister-B\u00fcro) hinlegen. Im Sanit\u00e4tsraum, im Schulb\u00fcro und im Lehrerzimmer h\u00e4ngt eine Liste mit den in der Schule gerade anwesenden \u00c4rzten bzw. Erst-Helfern. Bei Bedarf wird der Rettungsdienst oder der Notarzt durch das Schulb\u00fcro gerufen.<\/p>\n<p>&nbsp;<\/p>\n","protected":false},"excerpt":{"rendered":"<p>Verhalten bei Gefahr Zu Beginn eines jeden Schuljahres sind die Sch\u00fclerinnen und Sch\u00fcler durch die Klassenlehrerin\/den Klassenleh\u00adrer in den folgenden Punkten zu unterrichten. Die Unterrichtung ist im Klassenbuch zu dokumentieren. &nbsp; Sicherheitseinrichtungen Die Sicherheitseinrichtungen&#46;&#46;&#46;<\/p>\n","protected":false},"author":1,"featured_media":0,"parent":0,"menu_order":0,"comment_status":"closed","ping_status":"closed","template":"","meta":{"footnotes":""},"class_list":["post-769","page","type-page","status-publish","hentry"],"_links":{"self":[{"href":"https:\/\/www.k1-hagen.de\/index.php\/wp-json\/wp\/v2\/pages\/769","targetHints":{"allow":["GET"]}}],"collection":[{"href":"https:\/\/www.k1-hagen.de\/index.php\/wp-json\/wp\/v2\/pages"}],"about":[{"href":"https:\/\/www.k1-hagen.de\/index.php\/wp-json\/wp\/v2\/types\/page"}],"author":[{"embeddable":true,"href":"https:\/\/www.k1-hagen.de\/index.php\/wp-json\/wp\/v2\/users\/1"}],"replies":[{"embeddable":true,"href":"https:\/\/www.k1-hagen.de\/index.php\/wp-json\/wp\/v2\/comments?post=769"}],"version-history":[{"count":3,"href":"https:\/\/www.k1-hagen.de\/index.php\/wp-json\/wp\/v2\/pages\/769\/revisions"}],"predecessor-version":[{"id":773,"href":"https:\/\/www.k1-hagen.de\/index.php\/wp-json\/wp\/v2\/pages\/769\/revisions\/773"}],"wp:attachment":[{"href":"https:\/\/www.k1-hagen.de\/index.php\/wp-json\/wp\/v2\/media?parent=769"}],"curies":[{"name":"wp","href":"https:\/\/api.w.org\/{rel}","templated":true}]}}