{"id":766,"date":"2021-10-30T15:14:52","date_gmt":"2021-10-30T15:14:52","guid":{"rendered":"https:\/\/new.k1-hagen.de\/?page_id=766"},"modified":"2024-03-14T09:20:07","modified_gmt":"2024-03-14T09:20:07","slug":"fehlzeiten-entschuldigungen-und-beurlaubungen","status":"publish","type":"page","link":"https:\/\/www.k1-hagen.de\/index.php\/fehlzeiten-entschuldigungen-und-beurlaubungen\/","title":{"rendered":"Fehlzeiten: Entschuldigungen und Beurlaubungen"},"content":{"rendered":"<div class=\"article-rel-wrapper\">\n<h2 class=\"contentheading\">Fehlzeiten: Entschuldigungen und Beurlaubungen<\/h2>\n<\/div>\n<p>(vgl. \u00a743 SchG)<\/p>\n<table border=\"1\" cellspacing=\"0\" cellpadding=\"0\">\n<tbody>\n<tr>\n<td valign=\"top\" width=\"307\"><strong>Beurlaubungen<\/strong><\/td>\n<td valign=\"top\" width=\"304\"><strong>Entschuldigungen<\/strong><\/td>\n<\/tr>\n<tr>\n<td valign=\"top\" width=\"307\">vorher<\/td>\n<td valign=\"top\" width=\"304\">nachtr\u00e4glich<\/td>\n<\/tr>\n<tr>\n<td valign=\"top\" width=\"307\">vorhersehbar (z.B. Schulungen, Musterung, dringender Arzttermin)<\/td>\n<td valign=\"top\" width=\"304\">nicht vorhersehbare Gr\u00fcnde (i.d.R. Krankheit)<\/td>\n<\/tr>\n<tr>\n<td valign=\"top\" width=\"307\">unaufschiebbar<\/td>\n<td valign=\"top\" width=\"304\">unaufschiebbar<\/td>\n<\/tr>\n<\/tbody>\n<\/table>\n<hr \/>\n<p><strong>Entschuldigung von Fehlzeiten\u00a0<\/strong>(Handelsschule: leichte Abweichungen m\u00f6glich!)<\/p>\n<hr \/>\n<p>Termine:<\/p>\n<ul>\n<li>Information des Klassenlehrers: unverz\u00fcglich, sp\u00e4testens am 2. Unterrichtstag<\/li>\n<li>Berufsschule: Entschuldigungsschreiben an den Klassenlehrer: unverz\u00fcglich, sp\u00e4testens 2 Wochen nach R\u00fcckkehr zum Unterricht (Inhalt s.u.)<\/li>\n<li>bei fehlender Entschuldigung (nach 2 Wochen): Information des Ausbildungsbetriebes und Dokumentation dieser Information:\n<ul>\n<li>telefonisch: Aktennotiz in den Klassenordner<\/li>\n<li>per Brief (Vordruck): Kopie in den Klassenordner<\/li>\n<li>M f\u00fcr \u201eMahnung&#8220; im Klassenbuch<\/li>\n<\/ul>\n<\/li>\n<\/ul>\n<ul>\n<li>wenn 3 Wochen danach keine Reaktion: Fehlzeit gilt als unentschuldigt<\/li>\n<\/ul>\n<ul>\n<li>Sonderregelungen: kurz vor den Zeugniskonferenzen<\/li>\n<\/ul>\n<p>Inhalt des Entschuldigungsschreibens:<\/p>\n<ul>\n<li>Name und Klasse<\/li>\n<\/ul>\n<ul>\n<li>Datum und ggf. Uhrzeit\/ Unterrichtsstunde der Fehlzeit<\/li>\n<\/ul>\n<ul>\n<li>Grund f\u00fcr das Vers\u00e4umnis<\/li>\n<\/ul>\n<ul>\n<li>Berufsschule: Unterschrift und Stempel des Ausbildungsbetriebes (zur Best\u00e4ti\u00adgung der Kenntnisnahme)<\/li>\n<\/ul>\n<ul>\n<li>bei minderj\u00e4hrigen Sch\u00fclern: zus\u00e4tzlich: Unterschrift der Eltern<\/li>\n<\/ul>\n<ul>\n<li>Klassenarbeiten, Test: \u00e4rztliches Attest (Entscheidung des Fach-\/Klassenlehrers; bei begr\u00fcndeten Zweifeln)<\/li>\n<\/ul>\n<ul>\n<li>Datum und Unterschrift<\/li>\n<\/ul>\n<p>Abgabe:<\/p>\n<ul>\n<li>beim Klassenlehrer<\/li>\n<\/ul>\n<p>Konsequenzen:<\/p>\n<ul>\n<li>Fehlzeiten auf dem Zeugnis<\/li>\n<\/ul>\n<ul>\n<li>bei unentschuldigtem Fehlen: Leistungsverweigerung (Note 6)<\/li>\n<\/ul>\n","protected":false},"excerpt":{"rendered":"<p>Fehlzeiten: Entschuldigungen und Beurlaubungen (vgl. \u00a743 SchG) Beurlaubungen Entschuldigungen vorher nachtr\u00e4glich vorhersehbar (z.B. Schulungen, Musterung, dringender Arzttermin) nicht vorhersehbare Gr\u00fcnde (i.d.R. Krankheit) unaufschiebbar unaufschiebbar Entschuldigung von Fehlzeiten\u00a0(Handelsschule: leichte Abweichungen m\u00f6glich!) Termine: Information des Klassenlehrers:&#46;&#46;&#46;<\/p>\n","protected":false},"author":1,"featured_media":0,"parent":0,"menu_order":0,"comment_status":"closed","ping_status":"closed","template":"","meta":{"footnotes":""},"class_list":["post-766","page","type-page","status-publish","hentry"],"_links":{"self":[{"href":"https:\/\/www.k1-hagen.de\/index.php\/wp-json\/wp\/v2\/pages\/766","targetHints":{"allow":["GET"]}}],"collection":[{"href":"https:\/\/www.k1-hagen.de\/index.php\/wp-json\/wp\/v2\/pages"}],"about":[{"href":"https:\/\/www.k1-hagen.de\/index.php\/wp-json\/wp\/v2\/types\/page"}],"author":[{"embeddable":true,"href":"https:\/\/www.k1-hagen.de\/index.php\/wp-json\/wp\/v2\/users\/1"}],"replies":[{"embeddable":true,"href":"https:\/\/www.k1-hagen.de\/index.php\/wp-json\/wp\/v2\/comments?post=766"}],"version-history":[{"count":3,"href":"https:\/\/www.k1-hagen.de\/index.php\/wp-json\/wp\/v2\/pages\/766\/revisions"}],"predecessor-version":[{"id":1952,"href":"https:\/\/www.k1-hagen.de\/index.php\/wp-json\/wp\/v2\/pages\/766\/revisions\/1952"}],"wp:attachment":[{"href":"https:\/\/www.k1-hagen.de\/index.php\/wp-json\/wp\/v2\/media?parent=766"}],"curies":[{"name":"wp","href":"https:\/\/api.w.org\/{rel}","templated":true}]}}