{"id":650,"date":"2021-10-30T09:30:33","date_gmt":"2021-10-30T09:30:33","guid":{"rendered":"https:\/\/new.k1-hagen.de\/?page_id=650"},"modified":"2025-12-18T14:42:19","modified_gmt":"2025-12-18T14:42:19","slug":"impressum","status":"publish","type":"page","link":"https:\/\/www.k1-hagen.de\/index.php\/impressum\/","title":{"rendered":"Impressum"},"content":{"rendered":"<div class=\"article-rel-wrapper\">\n<h1 class=\"contentheading\">Impressum<\/h1>\n<\/div>\n<p>Webimpressum gem\u00e4\u00df der Verpflichtung zur Anbieterkennung im Internet nach der Neufassung des Teledienstegesetzes:<\/p>\n<p><strong>Anschrift:<\/strong><\/p>\n<p>Berufskolleg der Stadt Hagen &#8211; Kaufmannsschule I<\/p>\n<p>Springmannstr. 7<br \/>\n58095 Hagen<\/p>\n<p><strong>E-Mail:<\/strong><\/p>\n<p>bk@k1-hagen.de<\/p>\n<p><strong>Telefon und Fax:<\/strong><\/p>\n<p>02331 3481512 und 02331 3481520<\/p>\n<p><strong>Schulleitung:<\/strong><\/p>\n<p>OStD&#8216;\u00a0 Carolina H\u00f6nninger (Schulleiterin)<\/p>\n<p>StD&#8216; \u00a0 Barbara Stricker (Stellvertretende Schulleiterin)<\/p>\n<p><strong>Webmaster:<\/strong><\/p>\n<p>OStR\u00a0 Daniel Pamp<\/p>\n<p><strong>Schultr\u00e4ger:<\/strong><\/p>\n<p>Stadt Hagen<br \/>\nPostfach 4249<br \/>\n58042 Hagen<br \/>\nTel. 02331 2070<br \/>\nMail:\u00a0<a href=\"mailto:info@stadt-hagen.de\">info@stadt-hagen.de<\/a><\/p>\n<p><strong>Schulaufsicht:<\/strong><\/p>\n<p>Bezirksregierung Arnsberg<br \/>\nLaurentiusstr. 1<br \/>\n59817 Arnsberg<br \/>\nTel. 02931 820<\/p>\n<p><strong>Layout und technische Realisierung:<\/strong><\/p>\n<p>StR Christian Schmidt<\/p>\n<p><strong>Wichtiger Hinweis<\/strong><\/p>\n<p>Das Landgericht Hamburg hat mit Urteil vom 12.05.1998 entschieden, dass man durch die Ausbringung eines Links die Inhalte der gelinkten Seite gegebenenfalls mitzuverantworten hat.<\/p>\n<p><strong>Haftungsausschluss<\/strong><\/p>\n<p>Trotz sorgf\u00e4ltiger inhaltlicher Kontrolle \u00fcbernehmen wir keine Haftung f\u00fcr die Inhalte externer Links. F\u00fcr den Inhalt der verlinkten Seiten inkl. aller Unterseiten sind ausschlie\u00dflich deren Betreiber verantwortlich. Dies gilt f\u00fcr alle auf dieser Website ausgebrachten Links und f\u00fcr alle Inhalte der Seiten, zu denen Links oder Banner f\u00fchren.<\/p>\n<p>Unsere Datenschutzerkl\u00e4rung finden Sie <a href=\"https:\/\/www.k1-hagen.de\/index.php\/datenschutzerklaerung\/\">hier<\/a>.<\/p>\n<p>&nbsp;<\/p>\n<p>&nbsp;<\/p>\n","protected":false},"excerpt":{"rendered":"<p>Impressum Webimpressum gem\u00e4\u00df der Verpflichtung zur Anbieterkennung im Internet nach der Neufassung des Teledienstegesetzes: Anschrift: Berufskolleg der Stadt Hagen &#8211; Kaufmannsschule I Springmannstr. 7 58095 Hagen E-Mail: bk@k1-hagen.de Telefon und Fax: 02331 3481512 und&#46;&#46;&#46;<\/p>\n","protected":false},"author":1,"featured_media":0,"parent":0,"menu_order":0,"comment_status":"closed","ping_status":"closed","template":"","meta":{"footnotes":""},"class_list":["post-650","page","type-page","status-publish","hentry"],"_links":{"self":[{"href":"https:\/\/www.k1-hagen.de\/index.php\/wp-json\/wp\/v2\/pages\/650","targetHints":{"allow":["GET"]}}],"collection":[{"href":"https:\/\/www.k1-hagen.de\/index.php\/wp-json\/wp\/v2\/pages"}],"about":[{"href":"https:\/\/www.k1-hagen.de\/index.php\/wp-json\/wp\/v2\/types\/page"}],"author":[{"embeddable":true,"href":"https:\/\/www.k1-hagen.de\/index.php\/wp-json\/wp\/v2\/users\/1"}],"replies":[{"embeddable":true,"href":"https:\/\/www.k1-hagen.de\/index.php\/wp-json\/wp\/v2\/comments?post=650"}],"version-history":[{"count":7,"href":"https:\/\/www.k1-hagen.de\/index.php\/wp-json\/wp\/v2\/pages\/650\/revisions"}],"predecessor-version":[{"id":2595,"href":"https:\/\/www.k1-hagen.de\/index.php\/wp-json\/wp\/v2\/pages\/650\/revisions\/2595"}],"wp:attachment":[{"href":"https:\/\/www.k1-hagen.de\/index.php\/wp-json\/wp\/v2\/media?parent=650"}],"curies":[{"name":"wp","href":"https:\/\/api.w.org\/{rel}","templated":true}]}}