{"id":634,"date":"2021-10-30T09:12:13","date_gmt":"2021-10-30T09:12:13","guid":{"rendered":"https:\/\/new.k1-hagen.de\/?page_id=634"},"modified":"2021-10-31T06:53:20","modified_gmt":"2021-10-31T06:53:20","slug":"evd_f","status":"publish","type":"page","link":"https:\/\/www.k1-hagen.de\/index.php\/evd_f\/","title":{"rendered":"Staatl. EDV-F\u00fchrerschein NRW"},"content":{"rendered":"<div class=\"article-rel-wrapper\">\n<h1 class=\"contentheading\">Staatl. EDV-F\u00fchrerschein NRW<\/h1>\n<\/div>\n<p><img loading=\"lazy\" decoding=\"async\" class=\"size-full wp-image-701 alignleft\" src=\"https:\/\/www.k1-hagen.de\/wp-content\/uploads\/2021\/10\/Logo_Staatlicher-EDV-Fhrerschein-NRW.png\" alt=\"\" width=\"172\" height=\"70\" \/><\/p>\n<p>Unsere Schule hat sich erfolgreich als Pr\u00fcfungsinstitution f\u00fcr den Staatlichen EDV-F\u00fchrerschein NRW qualifiziert. Der Staatliche EDV-F\u00fchrerschein NRW ist ein standardisiertes staatlich anerkanntes Zertifikat, welches einen bestimmten Ausbildungsstandard in der IT-Grundbildung nachweist. Betriebe orientieren sich heute bei der Personalauswahl an ihren nationalen, europ\u00e4ischen und internationalen Kunden. Auch in der Kommunikation werden neue Wege gegangen, was von Mitarbeiterinnen und Mitarbeitern der Zukunft neue Schl\u00fcsselkompetenzen voraussetzt.<\/p>\n<h2 class=\"contentheading\">Ziele:<\/h2>\n<ul>\n<li>Zertifizierung und Vermittlung von breit gef\u00e4cherten informationstechnischen Grundkenntnissen, um z. B. im Bewerbungsverfahren entsprechende Kenntnisse nachweisen zu k\u00f6nnen,<\/li>\n<li>unabh\u00e4ngig von einer bestimmten Schulform bzw. einem bestimmten Bildungsgang,<\/li>\n<li>einheitliche Ausbildungsstandards,<\/li>\n<li>Einbindung in unterrichtliche Prozesse und unterrichtliche Leistungsbewertung,<\/li>\n<li>Teil der Qualit\u00e4tssicherung der Schule durch vergleichbare Mindeststandards,<\/li>\n<li>kostenlose Pr\u00fcfungen,<\/li>\n<li>Lernmaterialien f\u00fcr zukunftgerichtetes Lernen in begleitenden Selbstlernphasen.<\/li>\n<\/ul>\n<h2><strong><br \/>\n<\/strong><span class=\"contentheading\">Die Module des Computerf\u00fchrerscheins:<\/span><\/h2>\n<ol>\n<li>Hardware<\/li>\n<li>Betriebssystem, Software<\/li>\n<li>Textverarbeitung<\/li>\n<li>Tabellenkalkulation<\/li>\n<li>Datenbanken<\/li>\n<li>Pr\u00e4sentation<\/li>\n<li>Informations- und Kommunikationsnetze<\/li>\n<li>Datenschutz und Datensicherheit<\/li>\n<\/ol>\n<p>Weitere Informationen zu den Modulen finden Sie\u00a0<a href=\"http:\/\/www.rwb-essen.de\/index.php?id=764\" target=\"_blank\" rel=\"noopener\">hier<\/a>.<\/p>\n<h2><span class=\"contentheading\">Pr\u00fcfungen:<\/span><\/h2>\n<p>Online-Pr\u00fcfung: erfolgt \u00fcber den Pr\u00fcfungsserver des Rheinisch-Westf\u00e4lischen Berufskollegs Essen, Dauer: je Modul ca. 30 Minuten.<br \/>\nOffline-Pr\u00fcfung: schriftliche\/praktische Pr\u00fcfung unter Aufsicht der Lehrkraft, Dauer: ca. 30 \u2013 60 Minuten, z. B. integriert in Klassenarbeiten oder Tests.<\/p>\n<h2 class=\"contentheading\">Zertifikate:<\/h2>\n<p>Pro Modul erh\u00e4lt der\/die Sch\u00fcler\/in bei bestandener Online- und Offline-Pr\u00fcfung jeweils ein Modulzertifikat.<br \/>\nBei bestandenen Pr\u00fcfungen aller acht Module erh\u00e4lt der\/die Sch\u00fcler\/in ein Gesamtzertifikat, mit diesem wird der Erwerb des \u201eStaatlichen EDV-F\u00fchrerscheins NRW\u201c best\u00e4tigt.<\/p>\n","protected":false},"excerpt":{"rendered":"<p>Staatl. EDV-F\u00fchrerschein NRW Unsere Schule hat sich erfolgreich als Pr\u00fcfungsinstitution f\u00fcr den Staatlichen EDV-F\u00fchrerschein NRW qualifiziert. Der Staatliche EDV-F\u00fchrerschein NRW ist ein standardisiertes staatlich anerkanntes Zertifikat, welches einen bestimmten Ausbildungsstandard in der IT-Grundbildung nachweist.&#46;&#46;&#46;<\/p>\n","protected":false},"author":1,"featured_media":0,"parent":0,"menu_order":0,"comment_status":"closed","ping_status":"closed","template":"","meta":{"footnotes":""},"class_list":["post-634","page","type-page","status-publish","hentry"],"_links":{"self":[{"href":"https:\/\/www.k1-hagen.de\/index.php\/wp-json\/wp\/v2\/pages\/634","targetHints":{"allow":["GET"]}}],"collection":[{"href":"https:\/\/www.k1-hagen.de\/index.php\/wp-json\/wp\/v2\/pages"}],"about":[{"href":"https:\/\/www.k1-hagen.de\/index.php\/wp-json\/wp\/v2\/types\/page"}],"author":[{"embeddable":true,"href":"https:\/\/www.k1-hagen.de\/index.php\/wp-json\/wp\/v2\/users\/1"}],"replies":[{"embeddable":true,"href":"https:\/\/www.k1-hagen.de\/index.php\/wp-json\/wp\/v2\/comments?post=634"}],"version-history":[{"count":3,"href":"https:\/\/www.k1-hagen.de\/index.php\/wp-json\/wp\/v2\/pages\/634\/revisions"}],"predecessor-version":[{"id":846,"href":"https:\/\/www.k1-hagen.de\/index.php\/wp-json\/wp\/v2\/pages\/634\/revisions\/846"}],"wp:attachment":[{"href":"https:\/\/www.k1-hagen.de\/index.php\/wp-json\/wp\/v2\/media?parent=634"}],"curies":[{"name":"wp","href":"https:\/\/api.w.org\/{rel}","templated":true}]}}