{"id":587,"date":"2021-10-30T08:43:19","date_gmt":"2021-10-30T08:43:19","guid":{"rendered":"https:\/\/new.k1-hagen.de\/?page_id=587"},"modified":"2021-10-30T14:08:17","modified_gmt":"2021-10-30T14:08:17","slug":"schulleben","status":"publish","type":"page","link":"https:\/\/www.k1-hagen.de\/index.php\/schulleben\/","title":{"rendered":"Schulleben"},"content":{"rendered":"<h1>Schulleben<\/h1>\n<p>Hier finden Sie allgemeine Informationen sowie Infomaterial zum Download. W\u00e4hlen Sie die entsprechenden Eintr\u00e4ge im Men\u00fc oben aus oder folgen Sie den Links:<\/p>\n<h1><img loading=\"lazy\" decoding=\"async\" class=\" wp-image-591 alignright\" style=\"font-size: 16px;\" src=\"https:\/\/k1-hagen.de\/wp-content\/uploads\/2021\/10\/2021_10_28_4466-small-200x300.jpg\" alt=\"\" width=\"333\" height=\"500\" srcset=\"https:\/\/www.k1-hagen.de\/wp-content\/uploads\/2021\/10\/2021_10_28_4466-small-200x300.jpg 200w, https:\/\/www.k1-hagen.de\/wp-content\/uploads\/2021\/10\/2021_10_28_4466-small-683x1024.jpg 683w, https:\/\/www.k1-hagen.de\/wp-content\/uploads\/2021\/10\/2021_10_28_4466-small-768x1152.jpg 768w, https:\/\/www.k1-hagen.de\/wp-content\/uploads\/2021\/10\/2021_10_28_4466-small-1024x1536.jpg 1024w, https:\/\/www.k1-hagen.de\/wp-content\/uploads\/2021\/10\/2021_10_28_4466-small.jpg 1080w\" sizes=\"auto, (max-width: 333px) 100vw, 333px\" \/><\/h1>\n<p><a href=\"https:\/\/k1-hagen.de\/index.php\/allgemeine-informationen\/\">Allgemeine Informationen<\/a><\/p>\n<p><a href=\"https:\/\/k1-hagen.de\/index.php\/infomaterial\/\">Infomaterial zum Download<\/a><\/p>\n<p><a href=\"https:\/\/k1-hagen.de\/index.php\/geschichte\/\">Geschichte<\/a><\/p>\n<p><a href=\"https:\/\/k1-hagen.de\/index.php\/foerdervereine-an-der-kaufmannsschule-i\/\">F\u00f6rdervereine<\/a><\/p>\n<p><a href=\"https:\/\/k1-hagen.de\/index.php\/leitziele\/\">Leitziele<\/a><\/p>\n<p><a href=\"https:\/\/k1-hagen.de\/index.php\/schulrecht\/\">Schulrecht<\/a><\/p>\n<p><a href=\"https:\/\/k1-hagen.de\/index.php\/bestenehrung\/\">Bestenehrung<\/a><\/p>\n","protected":false},"excerpt":{"rendered":"<p>Schulleben Hier finden Sie allgemeine Informationen sowie Infomaterial zum Download. W\u00e4hlen Sie die entsprechenden Eintr\u00e4ge im Men\u00fc oben aus oder folgen Sie den Links: Allgemeine Informationen Infomaterial zum Download Geschichte F\u00f6rdervereine Leitziele Schulrecht Bestenehrung<\/p>\n","protected":false},"author":1,"featured_media":0,"parent":0,"menu_order":0,"comment_status":"closed","ping_status":"closed","template":"","meta":{"footnotes":""},"class_list":["post-587","page","type-page","status-publish","hentry"],"_links":{"self":[{"href":"https:\/\/www.k1-hagen.de\/index.php\/wp-json\/wp\/v2\/pages\/587","targetHints":{"allow":["GET"]}}],"collection":[{"href":"https:\/\/www.k1-hagen.de\/index.php\/wp-json\/wp\/v2\/pages"}],"about":[{"href":"https:\/\/www.k1-hagen.de\/index.php\/wp-json\/wp\/v2\/types\/page"}],"author":[{"embeddable":true,"href":"https:\/\/www.k1-hagen.de\/index.php\/wp-json\/wp\/v2\/users\/1"}],"replies":[{"embeddable":true,"href":"https:\/\/www.k1-hagen.de\/index.php\/wp-json\/wp\/v2\/comments?post=587"}],"version-history":[{"count":6,"href":"https:\/\/www.k1-hagen.de\/index.php\/wp-json\/wp\/v2\/pages\/587\/revisions"}],"predecessor-version":[{"id":722,"href":"https:\/\/www.k1-hagen.de\/index.php\/wp-json\/wp\/v2\/pages\/587\/revisions\/722"}],"wp:attachment":[{"href":"https:\/\/www.k1-hagen.de\/index.php\/wp-json\/wp\/v2\/media?parent=587"}],"curies":[{"name":"wp","href":"https:\/\/api.w.org\/{rel}","templated":true}]}}