{"id":410,"date":"2021-10-29T12:47:52","date_gmt":"2021-10-29T12:47:52","guid":{"rendered":"https:\/\/new.k1-hagen.de\/?page_id=410"},"modified":"2025-09-23T13:03:15","modified_gmt":"2025-09-23T13:03:15","slug":"fachschule-fuer-wirtschaft-abendstudium-schwerpunkt-absatzwirtschaft","status":"publish","type":"page","link":"https:\/\/www.k1-hagen.de\/index.php\/fachschule-fuer-wirtschaft-abendstudium-schwerpunkt-absatzwirtschaft\/","title":{"rendered":"Fachschule f\u00fcr Wirtschaft (Abendstudium) Schwerpunkt Absatzwirtschaft"},"content":{"rendered":"<div class=\"intro-article-content\">\n<div class=\"article_row\">\n<div class=\"article_column column1 cols1\">\n<div class=\"\">\n<div class=\"article-rel-wrapper\">\n<h1 class=\"contentheading\">Fachschule f\u00fcr Wirtschaft (Abendstudium) Schwerpunkt Absatzwirtschaft<\/h1>\n<\/div>\n<p>Im Rahmen beruflicher Weiterbildung qualifizieren sich junge Kaufleute f\u00fcr F\u00fchrungsaufgaben in funktionsbezogenen Bereichen des Handels, der Industrie und des Handwerks.<\/p>\n<p>Abschluss: &#8222;Staatlich gepr\u00fcfte Betriebswirtin (Bachelor Professional)&#8220; oder &#8222;Staatlich gepr\u00fcfter Betriebswirt (Bachelor Professional)&#8220;<\/p>\n<p><strong>Der Weg zum Erfolg<\/strong><\/p>\n<p>Zukunftsorientierten kaufm\u00e4nnischen Angestellten bietet die Fachschule f\u00fcr Wirtschaft am Berufskolleg der Stadt Hagen \u2013 KAUFMANNSSCHULE 1 \u2013 die M\u00f6glichkeit, sich berufsbegleitend zielstrebig f\u00fcr F\u00fchrungsaufgaben in funktionsbezogenen Bereichen des Handwerks, der Industrie sowie des Dienstleistungssektors zu qualifizieren.<\/p>\n<p>Zudem leisten Fachschulen einen Beitrag zur Vorbereitung auf die unternehmerische Selbst\u00e4ndigkeit.<\/p>\n<p>Wir bieten Ihnen &#8230;<\/p>\n<ul>\n<li>ein staatlich anerkanntes Studium in Teilzeitform (montags und mittwochs in der Zeit von 18:00 bis 21:15 Uhr sowie samstags in der Zeit von 8:05 bis 13:15 Uhr),<\/li>\n<li>eine Vorbereitung auf die Ausbildereignungspr\u00fcfung am Studieninstitut,<\/li>\n<li>ein geb\u00fchrenfreies Studium (lediglich die Kosten f\u00fcr einen Teil der Lehrb\u00fccher sind von den Studierenden selbst zu tragen).<\/li>\n<\/ul>\n<p><strong>Fo\u0308rderung der Fortbildung an Fachschulen in NRW nach dem AFBG<\/strong><\/p>\n<p>Wer eine zweija\u0308hrige Fachschulfortbildung besucht, hat grundsa\u0308tzlich ein Wahlrecht zwischen Leistungen nach dem BAfo\u0308G, die u.a. in der Regel vom Einkommen der Eltern abha\u0308ngig sind, und Leistungen nach dem Aufstiegsfortbildungs- fo\u0308rderungsgesetz (AFBG), die vom Elterneinkommen unabha\u0308ngig sind. Anders als im BAfo\u0308G gibt es im AFBG keine Altersgrenze.<\/p>\n<p><a href=\"https:\/\/k1-hagen.de\/wp-content\/uploads\/2021\/10\/Forderung_der_Fortbildung_an_Fachschulen.pdf\"><span class=\"wf_file_text\">Unter diesem Link finden Sie weiterf\u00fchrende Informationen zu den M\u00f6glichkeiten der F\u00f6rderung. (Stand 24.08.2020)<\/span><\/a><\/p>\n<\/div>\n<\/div>\n<\/div>\n<\/div>\n<div class=\"intro-article-content\">\n<div class=\"article_row\">\n<div class=\"article_column column1 cols1\">\n<div class=\"\">\n<div class=\"article-rel-wrapper\">\n<h2 class=\"contentheading\">Voraussetzungen<\/h2>\n<\/div>\n<p>Folgende Voraussetzungen m\u00fcssen erf\u00fcllt sein:<\/p>\n<p>Sie haben&#8230;<\/p>\n<ul>\n<li>die Fachoberschulreife,<\/li>\n<li>den Abschluss einer kaufm\u00e4nnischen Berufsausbildung,<\/li>\n<li>den Berufsschulabschluss,<\/li>\n<li>mindestens ein Jahr Berufserfahrung in Ihrem Ausbildungsberuf (Dieses Jahr kann auch w\u00e4hrend der Fachschulausbildung abgeleistet werden)<\/li>\n<li><i>Hinweis: Es besteht die M\u00f6glichkeit, hochschulische Qualifikationen auf den Besuch des Fachschulbildungsgangs anzurechnen. Sprechen Sie uns dazu gerne an!<\/i><\/li>\n<\/ul>\n<p><strong>Sonderregelung<\/strong><\/p>\n<p>Bewerber, die \u00fcber keine kaufm\u00e4nnische Berufsausbildung verf\u00fcgen, k\u00f6nnen ebenfalls zum Studium zugelassen werden, wenn Sie eine einschl\u00e4gige Berufst\u00e4tigkeit von f\u00fcnf Jahren im Berufsfeld Wirtschaft und Verwaltung nachweisen.<\/p>\n<p>Die Bezirksregierung Arnsberg entscheidet \u00fcber die Zulassung in Ausnahmef\u00e4llen<\/p>\n<\/div>\n<\/div>\n<\/div>\n<\/div>\n<div class=\"intro-article-content\">\n<div class=\"article_row\">\n<div class=\"article_column column1 cols1\">\n<div class=\"\">\n<div class=\"article-rel-wrapper\">\n<h2 class=\"contentheading\">Unterrichtsangebot und -organisation<\/h2>\n<\/div>\n<p>Der Unterricht wird in folgenden\u00a0<strong>F\u00e4chern\u00a0<\/strong>erteilt:<\/p>\n<ul>\n<li>Betriebswirtschaftslehre<\/li>\n<li>Absatzwirtschaft<\/li>\n<li>Wirtschaftsinformatik<\/li>\n<li>Deutsch \/ Kommunikation<\/li>\n<li>Personalwesen<\/li>\n<li>Wirtschaftsmathematik \/ Statistik<\/li>\n<li>Wirtschafts- und Arbeitsrecht<\/li>\n<li>Rechnungswesen<\/li>\n<li>Wirtschaftsenglisch<\/li>\n<li>Volkswirtschaftslehre \/ Politik<\/li>\n<li>Projektunterricht<\/li>\n<li>Selbstlernphasen (Umfang bis zu 480 Stunden)<\/li>\n<\/ul>\n<p><strong>Projektarbeit<\/strong><\/p>\n<p>Im Rahmen der Weiterbildung muss eine Projektarbeit als Gruppenarbeit zu ausgew\u00e4hlten betriebswirtschaftlichen, praktischen Problemstellungen angefertigt werden; Note und Projektthema werden auf dem Abschlusszeugnis ausgewiesen.<\/p>\n<p><strong>Unterrichtsorganisation<\/strong><\/p>\n<p>Die Fachschule f\u00fcr Wirtschaft in Abendform bietet ihren Unterricht montags und mittwochs abends sowie samstags vormittags an. Bei der Fachschule f\u00fcr Wirtschaft handelt es sich um eine berufliche Weiterbildung in Form des Pr\u00e4senzunterrichts. Die Ausbildung erfolgt in Semesterabschnitten. Die Semester stimmen mit den Schulhalbjahren der \u00f6ffentlichen Schulen des Landes \u00fcberein. Beginn der Ausbildung ist stets der erste Schultag nach den Sommerferien in NRW. Da nur eine begrenzte Anzahl von Studienpl\u00e4tzen zur Verf\u00fcgung steht, ist eine fr\u00fchzeitige Anmeldung ratsam. \u00dcber die Aufnahme in die Fachschule f\u00fcr Wirtschaft erhalten Sie eine schriftliche Mitteilung.<\/p>\n<h2>Ziele und Abschluss<\/h2>\n<\/div>\n<\/div>\n<\/div>\n<\/div>\n<div class=\"intro-article-content\">\n<div class=\"article_row\">\n<div class=\"article_column column1 cols1\">\n<div class=\"\">\n<p>Als Absolvent oder Absolventin erhalten Sie die Bef\u00e4higung, Entscheidungen vorzubereiten und zu treffen sowie Ihre Ergebnisse zu pr\u00e4sentieren; Ihre Handlungs-, Methoden-, Lern- und Sprachkompetenz wird gef\u00f6rdert.<\/p>\n<p>Im Unterricht wird an die berufliche Erstausbildung angekn\u00fcpft. Anhand komplexer betrieblicher Situationen, die von den Studierenden aus ihrer praktischen Arbeit eingebracht werden, erarbeiten Sie im Team weitgehend selbst\u00e4ndig und eigenverantwortlich die Unterrichtsinhalte.<\/p>\n<p>Nach erfolgreicher Abschlusspr\u00fcfung im 7. Semester sind Sie berechtigt, sich<\/p>\n<p><strong>\u201eStaatlich gepr\u00fcfte Betriebswirtin (Bachelor Professional)&#8220; \/ \u201eStaatlich gepr\u00fcfter Betriebswirt (Bachelor Professional)\u201c<\/strong><\/p>\n<p>zu nennen.<\/p>\n<p>Zus\u00e4tzlich k\u00f6nnen Sie am S\u00fcdwestf\u00e4lischen Studieninstitut f\u00fcr kommunale Verwaltung die Ausbildereignungspr\u00fcfung ablegen. Diese M\u00f6glichkeit, eine weitere Zusatzqualifikation zu erwerben, wurde bisher von nahezu allen Absolventen genutzt<\/p>\n<\/div>\n<\/div>\n<\/div>\n<\/div>\n<div class=\"intro-article-content\">\n<div class=\"article_row\">\n<div class=\"article_column column1 cols1\">\n<div class=\"\">\n<div class=\"article-rel-wrapper\">\n<h2 class=\"contentheading\">Zusatzqualifikationen<\/h2>\n<\/div>\n<table border=\"0\">\n<tbody>\n<tr>\n<td><strong>Bezeichnung:<\/strong><\/td>\n<td><strong>Ausbildereignungspr\u00fcfung<\/strong><\/td>\n<\/tr>\n<tr>\n<td>Zielgruppe:<\/td>\n<td>Sch\u00fcler der Fachschule f\u00fcr Wirtschaft<\/td>\n<\/tr>\n<tr>\n<td>Voraussetzungen\/Vorkenntnisse:<\/td>\n<td>Keine<\/td>\n<\/tr>\n<tr>\n<td>Inhalte:<\/td>\n<td>Qualifikation, innerhalb des Dualen Systems die betriebliche Ausbildung durchzuf\u00fchren<\/td>\n<\/tr>\n<tr>\n<td>Pr\u00fcfung:<\/td>\n<td>Dreist\u00fcndige Klausur und m\u00fcndliche Pr\u00fcfung beim \u201eS\u00fcdwestf\u00e4lischen Studieninstitut f\u00fcr Kommunale Verwaltung Hagen\u201c<\/td>\n<\/tr>\n<tr>\n<td>Zeugnis bzw. Zertifikat:<\/td>\n<td>Ausbildereignungsschein<\/td>\n<\/tr>\n<tr>\n<td>Termine\/Dauer\/Stundenvolumen:<\/td>\n<td>Mittelstufe im Fach Personalwirtschaft<br \/>\nca. 100 Stunden<\/td>\n<\/tr>\n<tr>\n<td>Kosten:<\/td>\n<td>ca. 250,00 Euro f\u00fcr Material und Pr\u00fcfungsteilnahme<\/td>\n<\/tr>\n<tr>\n<td>Ansprechpartner:<\/td>\n<td><a href=\"mailto:koe@k1-hagen.de\">Herr K\u00f6ppen<\/a>\u00a0oder das Studieninstitut Hagen<\/td>\n<\/tr>\n<\/tbody>\n<\/table>\n<p>&nbsp;<\/p>\n<table border=\"0\">\n<tbody>\n<tr>\n<td><strong>Bezeichnung:<\/strong><\/td>\n<td><strong>KMK-Fremdsprachenzertifikat (B2 oder C1)<\/strong><\/td>\n<\/tr>\n<tr>\n<td>Zielgruppe:<\/td>\n<td>Studierende der Fachschule f\u00fcr Wirtschaft<\/td>\n<\/tr>\n<tr>\n<td>Voraussetzungen\/Vorkenntnisse:<\/td>\n<td>gute bis sehr gute Englischkenntnisse<\/td>\n<\/tr>\n<tr>\n<td>Inhalte:<\/td>\n<td>Englische Gesch\u00e4ftskommunikation in Wort und Schrift<\/td>\n<\/tr>\n<tr>\n<td>Pr\u00fcfung:<\/td>\n<td>KMK-Pr\u00fcfung<\/td>\n<\/tr>\n<tr>\n<td>Zeugnis bzw. Zertifikat:<\/td>\n<td>KMK-Zertifikat<\/td>\n<\/tr>\n<tr>\n<td>Termine:<\/td>\n<td>i. d. R. M\u00e4rz\/April<\/td>\n<\/tr>\n<tr>\n<td>Kosten:<\/td>\n<td>keine<\/td>\n<\/tr>\n<tr>\n<td>Ansprechpartnerin:<\/td>\n<td>Frau Lonn<\/td>\n<\/tr>\n<\/tbody>\n<\/table>\n<\/div>\n<\/div>\n<p><span class=\"row_separator\">\u00a0<\/span><\/p>\n<\/div>\n<\/div>\n<div class=\"intro-article-content\">\n<div class=\"article_row\">\n<div class=\"article_column column1 cols1\">\n<div class=\"\">\n<div class=\"article-rel-wrapper\">\n<h2 class=\"contentheading\">Anmeldung<\/h2>\n<\/div>\n<p><strong>Haben wir Ihr Interesse geweckt?<\/strong><\/p>\n<p>Dann bewerben Sie sich bitte mit folgenden Unterlagen beim Berufskolleg der Stadt Hagen &#8211; KAUFMANNSSCHULE 1:<\/p>\n<ul>\n<li>Beglaubigte Abschrift des letzten Zeugnisses einer allgemeinbildenden Schule, das den Erwerb der Fachoberschulreife nachweist<\/li>\n<li>Beglaubigte Abschrift des Pr\u00fcfungszeugnisses der Industrie- und Handelskammer<\/li>\n<li>Beglaubigte Abschrift des Abschlusszeugnisses der Berufsschule<\/li>\n<li>Nachweis \u00fcber die Berufserfahrung,<\/li>\n<li>Tabellarischer Lebenslauf<\/li>\n<\/ul>\n<p>Wichtiger Hinweis:\u00a0Die Anmeldung zur Fachschule f\u00fcr Wirtschaft erfolgt im\u00a0[<a href=\"https:\/\/www.schueleranmeldung.de\/ProdB\/Startseiten\/login.aspx\"><strong>Anmeldeverfahren \u00fcber schueleranmeldung<\/strong><strong>.de<\/strong><\/a><a href=\"https:\/\/schulbewerbung.de\/app\/startseite\">]<\/a>. N\u00e4here Informationen zur Online-Anmeldung erhalten Sie im Sekretariat.<\/p>\n<p>&nbsp;<\/p>\n<\/div>\n<\/div>\n<\/div>\n<h2><strong>BITTE BEACHTEN SIE: Das Zustandekommen zuk\u00fcnftiger Klassen h\u00e4ngt von der ausreichenden Anzahl an Anmeldungen ab und kann f\u00fcr das Schuljahr 2026\/27 noch nicht garantiert werden!<\/strong><\/h2>\n<\/div>\n<p>&nbsp;<\/p>\n<p>&nbsp;<\/p>\n<div class=\"intro-article-content\">\n<div class=\"article_row\">\n<div class=\"article_column column1 cols1\">\n<div class=\"\">\n<h2><strong>Haben Sie noch Fragen?<\/strong><\/h2>\n<p><a href=\"mailto:koe@k1-hagen.de\">Herr K\u00f6ppen<\/a> ist gern bereit, mit Ihnen einen Telefontermin zu vereinbaren und Ihre Fragen zu beantworten.<\/p>\n<\/div>\n<\/div>\n<\/div>\n<\/div>\n","protected":false},"excerpt":{"rendered":"<p>Fachschule f\u00fcr Wirtschaft (Abendstudium) Schwerpunkt Absatzwirtschaft Im Rahmen beruflicher Weiterbildung qualifizieren sich junge Kaufleute f\u00fcr F\u00fchrungsaufgaben in funktionsbezogenen Bereichen des Handels, der Industrie und des Handwerks. Abschluss: &#8222;Staatlich gepr\u00fcfte Betriebswirtin (Bachelor Professional)&#8220; oder &#8222;Staatlich&#46;&#46;&#46;<\/p>\n","protected":false},"author":1,"featured_media":0,"parent":0,"menu_order":0,"comment_status":"closed","ping_status":"closed","template":"","meta":{"footnotes":""},"class_list":["post-410","page","type-page","status-publish","hentry"],"_links":{"self":[{"href":"https:\/\/www.k1-hagen.de\/index.php\/wp-json\/wp\/v2\/pages\/410","targetHints":{"allow":["GET"]}}],"collection":[{"href":"https:\/\/www.k1-hagen.de\/index.php\/wp-json\/wp\/v2\/pages"}],"about":[{"href":"https:\/\/www.k1-hagen.de\/index.php\/wp-json\/wp\/v2\/types\/page"}],"author":[{"embeddable":true,"href":"https:\/\/www.k1-hagen.de\/index.php\/wp-json\/wp\/v2\/users\/1"}],"replies":[{"embeddable":true,"href":"https:\/\/www.k1-hagen.de\/index.php\/wp-json\/wp\/v2\/comments?post=410"}],"version-history":[{"count":17,"href":"https:\/\/www.k1-hagen.de\/index.php\/wp-json\/wp\/v2\/pages\/410\/revisions"}],"predecessor-version":[{"id":2562,"href":"https:\/\/www.k1-hagen.de\/index.php\/wp-json\/wp\/v2\/pages\/410\/revisions\/2562"}],"wp:attachment":[{"href":"https:\/\/www.k1-hagen.de\/index.php\/wp-json\/wp\/v2\/media?parent=410"}],"curies":[{"name":"wp","href":"https:\/\/api.w.org\/{rel}","templated":true}]}}