{"id":386,"date":"2021-10-29T12:34:39","date_gmt":"2021-10-29T12:34:39","guid":{"rendered":"https:\/\/new.k1-hagen.de\/?page_id=386"},"modified":"2023-03-08T10:05:24","modified_gmt":"2023-03-08T10:05:24","slug":"kauffrau-mann-im-gross-und-aussenhandelsmanagement","status":"publish","type":"page","link":"https:\/\/www.k1-hagen.de\/index.php\/kauffrau-mann-im-gross-und-aussenhandelsmanagement\/","title":{"rendered":"Kauffrau\/-mann f\u00fcr Gro\u00df- und Au\u00dfenhandelsmanagement"},"content":{"rendered":"<div class=\"article-rel-wrapper\">\n<h1 class=\"contentheading\">Kauffrau\/-mann f\u00fcr Gro\u00df- und Au\u00dfenhandelsmanagement<\/h1>\n<\/div>\n<table border=\"0\">\n<tbody>\n<tr>\n<td align=\"left\" valign=\"top\"><strong>Ausbildungsdauer<\/strong><\/td>\n<td><\/td>\n<td>3 Jahre<\/td>\n<\/tr>\n<tr>\n<td align=\"left\" valign=\"top\"><strong>Voraussetzungen<\/strong><\/td>\n<td><\/td>\n<td>m\u00f6glichst Mittlerer Schulabschluss (FOR)<\/td>\n<\/tr>\n<tr>\n<td align=\"left\" valign=\"top\"><strong>Berufsschulunterricht<\/strong><\/td>\n<td><\/td>\n<td>Fachklassen in Teilzeitform (zweimal w\u00f6chentlich)<\/td>\n<\/tr>\n<tr>\n<td align=\"left\" valign=\"top\"><strong>Ansprechpartner\/in<\/strong><\/td>\n<td><\/td>\n<td><a href=\"mailto:ht@k1-hagen.de\" target=\"_blank\" rel=\"noopener\">Silke Hartmann\u00a0<\/a><\/td>\n<\/tr>\n<\/tbody>\n<\/table>\n<h2 class=\"contentheading\">Ausbildungsschwerpunkte<\/h2>\n<ul>\n<li>Das Unternehmen pr\u00e4sentieren und die eigene Rolle mitgestalten<\/li>\n<li>Auftr\u00e4ge kundenorientiert bearbeiten<\/li>\n<li>Beschaffungsprozesse durchf\u00fchren<\/li>\n<li>Wertestr\u00f6me erfassen und dokumentieren<\/li>\n<li>Kaufvertr\u00e4ge erf\u00fcllen<\/li>\n<li>Ein Marketingkonzept entwickeln<\/li>\n<li>Au\u00dfenhandelsgesch\u00e4fte anbahnen<\/li>\n<li>Wertestr\u00f6me auswerten<\/li>\n<li>Gesch\u00e4ftsprozesse mit digitalen Werkzeugen unterst\u00fctzen<\/li>\n<li>Kosten- und Leistungsrechnung durchf\u00fchren<\/li>\n<li>Waren lagern<\/li>\n<li>Warentransporte abwickeln<\/li>\n<li>Ein Projekt im Gro\u00dfhandel planen und durchf\u00fchren<\/li>\n<\/ul>\n<h2 class=\"contentheading\">Unterrichtsschwerpunkte<\/h2>\n<p><strong>Berufsbezogene F\u00e4cher<\/strong><strong>:<\/strong><\/p>\n<ul>\n<li>Wirtschafts- und Sozialprozesse<\/li>\n<li>Gesch\u00e4ftsprozesse f\u00fcr Gro\u00df- und Au\u00dfenhandelsmanagement<\/li>\n<li>Kaufm\u00e4nnische Steuerung und Kontrolle<\/li>\n<li>Fremdsprachliche Kommunikation (Englisch)<\/li>\n<\/ul>\n<p><strong>Differenzierungsbereich:<\/strong><\/p>\n<ul>\n<li>Kaufm\u00e4nnisches Rechnen<\/li>\n<\/ul>\n<p><strong>Berufs\u00fcbergreifende F\u00e4cher:<\/strong><\/p>\n<ul>\n<li>Deutsch\/Kommunikation<\/li>\n<li>Religionslehre<\/li>\n<li>Sport\/Gesundheitsf\u00f6rderung<\/li>\n<li>Politik\/Gesellschaftslehre<\/li>\n<\/ul>\n<h2 class=\"contentheading\">M\u00f6gliche Abschl\u00fcsse<\/h2>\n<ul>\n<li>Berufsabschluss durch die Pr\u00fcfung der SIHK<\/li>\n<li>Berufsschulabschluss, durch den auch zus\u00e4tzliche Qualifikationen m\u00f6glich sind<\/li>\n<\/ul>\n<h2 class=\"contentheading\">Zusatzqualifikation KMK-Zertifikat<\/h2>\n<table border=\"0\" width=\"616\">\n<tbody>\n<tr>\n<td>:<\/td>\n<td><\/td>\n<\/tr>\n<tr>\n<td>Zielgruppe:<\/td>\n<td>Sch\u00fclerinnen und Sch\u00fcler des Bildungsgangs<\/td>\n<\/tr>\n<tr>\n<td>Voraussetzungen\/Vorkenntnisse:<\/td>\n<td>keine<\/td>\n<\/tr>\n<tr>\n<td>Inhalte:<\/td>\n<td>Englisch<\/td>\n<\/tr>\n<tr>\n<td>Pr\u00fcfung:<\/td>\n<td>KMK-Pr\u00fcfung<\/td>\n<\/tr>\n<tr>\n<td>Zeugnis bzw. Zertifikat:<\/td>\n<td>KMK-Zertifikat<\/td>\n<\/tr>\n<tr>\n<td>Termine\/Dauer\/Stundenvolumen:<\/td>\n<td>Vorbereitung im Unterricht \/ Termine: M\u00e4rz\/April<\/td>\n<\/tr>\n<tr>\n<td>Kosten:<\/td>\n<td>keine<\/td>\n<\/tr>\n<tr>\n<td>Ansprechpartner:<\/td>\n<td>Englischlehrer der K1<\/td>\n<\/tr>\n<\/tbody>\n<\/table>\n<p>&nbsp;<\/p>\n<h2 class=\"contentheading\">Weiterbildung<\/h2>\n<ul>\n<li>Fortbildung zum\/zur Ausbilder\/in bei der SIHK Hagen<\/li>\n<li>Weiterbildung zum\/zur staatlich gepr\u00fcften Betriebswirt\/in am Berufskolleg der Stadt Hagen &#8211; KAUFMANNSSCHULE I<\/li>\n<\/ul>\n","protected":false},"excerpt":{"rendered":"<p>Kauffrau\/-mann f\u00fcr Gro\u00df- und Au\u00dfenhandelsmanagement Ausbildungsdauer 3 Jahre Voraussetzungen m\u00f6glichst Mittlerer Schulabschluss (FOR) Berufsschulunterricht Fachklassen in Teilzeitform (zweimal w\u00f6chentlich) Ansprechpartner\/in Silke Hartmann\u00a0 Ausbildungsschwerpunkte Das Unternehmen pr\u00e4sentieren und die eigene Rolle mitgestalten Auftr\u00e4ge kundenorientiert bearbeiten&#46;&#46;&#46;<\/p>\n","protected":false},"author":1,"featured_media":0,"parent":0,"menu_order":0,"comment_status":"closed","ping_status":"closed","template":"","meta":{"footnotes":""},"class_list":["post-386","page","type-page","status-publish","hentry"],"_links":{"self":[{"href":"https:\/\/www.k1-hagen.de\/index.php\/wp-json\/wp\/v2\/pages\/386","targetHints":{"allow":["GET"]}}],"collection":[{"href":"https:\/\/www.k1-hagen.de\/index.php\/wp-json\/wp\/v2\/pages"}],"about":[{"href":"https:\/\/www.k1-hagen.de\/index.php\/wp-json\/wp\/v2\/types\/page"}],"author":[{"embeddable":true,"href":"https:\/\/www.k1-hagen.de\/index.php\/wp-json\/wp\/v2\/users\/1"}],"replies":[{"embeddable":true,"href":"https:\/\/www.k1-hagen.de\/index.php\/wp-json\/wp\/v2\/comments?post=386"}],"version-history":[{"count":4,"href":"https:\/\/www.k1-hagen.de\/index.php\/wp-json\/wp\/v2\/pages\/386\/revisions"}],"predecessor-version":[{"id":1552,"href":"https:\/\/www.k1-hagen.de\/index.php\/wp-json\/wp\/v2\/pages\/386\/revisions\/1552"}],"wp:attachment":[{"href":"https:\/\/www.k1-hagen.de\/index.php\/wp-json\/wp\/v2\/media?parent=386"}],"curies":[{"name":"wp","href":"https:\/\/api.w.org\/{rel}","templated":true}]}}