{"id":377,"date":"2021-10-29T12:31:32","date_gmt":"2021-10-29T12:31:32","guid":{"rendered":"https:\/\/new.k1-hagen.de\/?page_id=377"},"modified":"2023-03-29T09:20:47","modified_gmt":"2023-03-29T09:20:47","slug":"it-berufe","status":"publish","type":"page","link":"https:\/\/www.k1-hagen.de\/index.php\/it-berufe\/","title":{"rendered":"IT-Berufe"},"content":{"rendered":"<div class=\"article-rel-wrapper\">\n<h1 class=\"contentheading\">IT-Berufe<\/h1>\n<\/div>\n<table border=\"0\">\n<tbody>\n<tr>\n<td align=\"left\" valign=\"top\"><strong>Berufsrichtungen<\/strong><\/td>\n<td><\/td>\n<td><strong><a href=\"#fia\">Kauffrau\/-mann f\u00fcr System-Management<\/a><br \/>\n<a href=\"#fis\">Kauffrau\/-mann f\u00fcr Digitalisierungsmanagement<\/a><\/strong><\/td>\n<\/tr>\n<tr>\n<td align=\"left\" valign=\"top\"><strong>Ausbildungsdauer<\/strong><\/td>\n<td><\/td>\n<td>3 Jahre<\/td>\n<\/tr>\n<\/tbody>\n<\/table>\n<h2><\/h2>\n<h2 id=\"fia\">Kauffrau\/-mann f\u00fcr System-Management<\/h2>\n<p style=\"font-weight: 400;\">Experte\/Expertin f\u00fcr den Vertrieb von IT-Dienstleistungen. Durch das kaufm\u00e4nnische Fachwissen und das Branchen-Know-how wissen sie genau, wie die Dienstleistungen am besten vermarktet und an den Kunden gebracht werden. Au\u00dferdem k\u00fcmmert er\/sie sich um die Administration und das Management von IT-Systemen. Kaufleute f\u00fcr IT-Systemmanagement sind die <strong>klassischen Branchenkaufleute <\/strong>und k\u00f6nnen in ganz verschiedenen Bereichen der IT-Branche arbeiten. Die Arbeit der Kaufleute f\u00fcr IT-Systemmanagement bringt also eine <strong>hohe Jobsicherheit <\/strong>mit sich.<\/p>\n<table style=\"font-weight: 400;\" width=\"586\">\n<tbody>\n<tr>\n<td width=\"217\"><strong>Ausbildungsdauer<\/strong><\/td>\n<td><\/td>\n<td width=\"345\">3 Jahre<\/td>\n<\/tr>\n<tr>\n<td width=\"217\"><strong>Voraussetzungen<\/strong><\/td>\n<td><\/td>\n<td width=\"345\">Ausbildungsbetriebe fordern i. d. R. sehr gute Fachoberschulreife, besser FHR oder Abitur<\/td>\n<\/tr>\n<tr>\n<td width=\"217\"><strong>Berufsschulunterricht<\/strong><\/td>\n<td><\/td>\n<td width=\"345\">Fachklassen in Teilzeitform (zweimal w\u00f6chentlich) in Kooperation mit dem CUNO-Berufskolleg<\/td>\n<\/tr>\n<\/tbody>\n<\/table>\n<p style=\"font-weight: 400;\"><strong>\u00a0<\/strong><\/p>\n<p style=\"font-weight: 400;\"><strong>Ausbildungsschwerpunkte\/ Lernfelder<\/strong><\/p>\n<ul>\n<li>Das Unternehmen und die eigene Rolle im Betrieb beschreiben<\/li>\n<li>Arbeitspl\u00e4tze nach Kundenwunsch ausstatten<\/li>\n<li>Clients in Netzwerke einbinden<\/li>\n<li>Schutzbereichsanalyse im eigenen Arbeitsbereich durchf\u00fchren<\/li>\n<li>Software zur Verwaltung von Daten anpassen<\/li>\n<li>Serviceanfragen bearbeiten<\/li>\n<li>Softwareprojekte durchf\u00fchren<\/li>\n<li>Beschaffungsprozesse durchf\u00fchren<\/li>\n<li>Netzwerkbasierte IT-L\u00f6sungen umsetzen<\/li>\n<li>Wertsch\u00f6pfungsprozesse erfolgsorientiert steuern<\/li>\n<li>Absatzmarketing-Ma\u00dfnahmen planen und bewerten<\/li>\n<li>Absatzprozesse durchf\u00fchren und \u00fcberwachen<\/li>\n<li>Netzwerkinfrastruktur planen und kalkulieren<\/li>\n<\/ul>\n<p style=\"font-weight: 400;\"><strong>\u00a0<\/strong><\/p>\n<p style=\"font-weight: 400;\"><strong>Berufsbezogene F\u00e4cher:<\/strong><\/p>\n<ul>\n<li>Gestaltung von IT-Dienstleistungen<\/li>\n<li>Entwicklung vernetzter Prozesse<\/li>\n<li>Softwaretechnologie und Datenmanagement<\/li>\n<li>Fremdsprachliche Kommunikation: (z. Z.: Englisch)<\/li>\n<\/ul>\n<p style=\"font-weight: 400;\"><strong>\u00a0<\/strong><\/p>\n<p style=\"font-weight: 400;\"><strong>Berufs\u00fcbergreifende F\u00e4cher:<\/strong><\/p>\n<ul>\n<li>Deutsch \/ Kommunikation<\/li>\n<li>Religionslehre<\/li>\n<li>Sport \/ Gesundheitsf\u00f6rderung<\/li>\n<li>Politik \/ Gesellschaftslehre<\/li>\n<\/ul>\n<p style=\"font-weight: 400;\"><strong>\u00a0<\/strong><\/p>\n<p style=\"font-weight: 400;\"><strong>M\u00f6gliche Abschl\u00fcsse<\/strong><\/p>\n<ul>\n<li>Berufsabschlusspr\u00fcfung bei der SIHK Hagen<\/li>\n<li>Berufsschulabschluss<\/li>\n<\/ul>\n<p style=\"font-weight: 400;\"><strong>\u00a0<\/strong><\/p>\n<p style=\"font-weight: 400;\"><strong>weitere Informationen:<\/strong> Auf der Seite \u201eBerufe.de\u201c (folgender Link) <a href=\"https:\/\/www.ausbildung.de\/berufe\/kaufmann-fuer-it-systemmanagement\/\">https:\/\/www.ausbildung.de\/berufe\/kaufmann-fuer-it-systemmanagement\/<\/a><\/p>\n<p>&nbsp;<\/p>\n<p>&nbsp;<\/p>\n<h2 style=\"font-weight: 400;\"><strong><br \/>\nKaufmann\/-frau f\u00fcr Digitalisierungsmanagement<\/strong><\/h2>\n<p style=\"font-weight: 400;\">Neben dem privaten Leben hat die Digitalisierung auch die Arbeitswelt in den letzten Jahren stark ver\u00e4ndert. Das Thema Digitalisierung ist nicht nur f\u00fcr gro\u00dfe Konzerne, sondern auch f\u00fcr kleine und mittelst\u00e4ndische Betriebe von gro\u00dfer Bedeutung. Durch die Verkn\u00fcpfung von kaufm\u00e4nnischem Know-how und IT-Fachwissen decken sie gleich zwei wichtige Unternehmensbereiche ab. Kaufleute f\u00fcr Digitalisierungsmanagement haben deshalb <strong>hervorragende Zukunftsaussichten<\/strong>. Sie managen die Digitalisierung von Gesch\u00e4ftsprozessen und machen das Unternehmen zukunftsf\u00e4hig. Experten mit digitalen Kompetenzen sind deshalb <strong>extrem gefragt<\/strong>. Neben einer hohen Jobsicherheit winkt auch ein gutes Gehalt.<\/p>\n<table style=\"font-weight: 400;\" width=\"586\">\n<tbody>\n<tr>\n<td width=\"217\"><strong>Ausbildungsdauer<\/strong><\/td>\n<td><\/td>\n<td width=\"345\">3 Jahre<\/td>\n<\/tr>\n<tr>\n<td width=\"217\"><strong>Voraussetzungen<\/strong><\/td>\n<td><\/td>\n<td width=\"345\">Ausbildungsbetriebe erwarten i. d. R. die Fachoberschulreife bis hin zum Abitur<\/td>\n<\/tr>\n<tr>\n<td width=\"217\"><strong>Berufsschulunterricht<\/strong><\/td>\n<td><\/td>\n<td width=\"345\">Fachklassen in Teilzeitform (zweimal w\u00f6chentlich) in Kooperation mit dem CUNO-Berufskolleg<\/td>\n<\/tr>\n<\/tbody>\n<\/table>\n<p style=\"font-weight: 400;\"><strong>\u00a0<\/strong><\/p>\n<p style=\"font-weight: 400;\"><strong>Ausbildungsschwerpunkte\/ Lernfelder<\/strong><\/p>\n<ul>\n<li>Das Unternehmen und die eigene Rolle im Betrieb beschreiben<\/li>\n<li>Arbeitspl\u00e4tze nach Kundenwunsch ausstatten<\/li>\n<li>Clients in Netzwerke einbinden<\/li>\n<li>Schutzbereichsanalyse im eigenen Arbeitsbereich durchf\u00fchren<\/li>\n<li>Software zur Verwaltung von Daten anpassen<\/li>\n<li>Serviceanfragen bearbeiten<\/li>\n<li>Softwareprojekte durchf\u00fchren<\/li>\n<li>Beschaffungsprozesse durchf\u00fchren<\/li>\n<li>Netzwerkbasierte IT-L\u00f6sungen umsetzen<\/li>\n<li>Wertsch\u00f6pfungsprozesse erfolgsorientiert steuern und preispolitische Ma\u00dfnahmen ableiten<\/li>\n<li>Informationen und Daten aufbereiten<\/li>\n<li>Unternehmen digital weiterentwickeln<\/li>\n<\/ul>\n<p style=\"font-weight: 400;\"><strong>\u00a0<\/strong><\/p>\n<p style=\"font-weight: 400;\"><strong>Berufsbezogene F\u00e4cher:<\/strong><\/p>\n<ul>\n<li>Gestaltung von IT-Dienstleistungen<\/li>\n<li>Entwicklung vernetzter Prozesse<\/li>\n<li>Softwaretechnologie und Datenmanagement<\/li>\n<li>Fremdsprachliche Kommunikation: (z. Z.: Englisch)<\/li>\n<\/ul>\n<p style=\"font-weight: 400;\"><strong>\u00a0<\/strong><\/p>\n<p style=\"font-weight: 400;\"><strong>Berufs\u00fcbergreifende F\u00e4cher:<\/strong><\/p>\n<ul>\n<li>Deutsch \/ Kommunikation<\/li>\n<li>Religionslehre<\/li>\n<li>Sport \/ Gesundheitsf\u00f6rderung<\/li>\n<li>Politik \/ Gesellschaftslehre<\/li>\n<\/ul>\n<p style=\"font-weight: 400;\"><strong>\u00a0<\/strong><\/p>\n<p style=\"font-weight: 400;\"><strong>M\u00f6gliche Abschl\u00fcsse<\/strong><\/p>\n<ul>\n<li>Berufsabschlusspr\u00fcfung bei der SIHK Hagen<\/li>\n<li>Berufsschulabschluss<\/li>\n<\/ul>\n<p style=\"font-weight: 400;\"><strong>\u00a0<\/strong><\/p>\n<p style=\"font-weight: 400;\"><strong>weitere Informationen:<\/strong> Auf der Seite \u201eBerufe.de\u201c (folgender Link)<\/p>\n<p style=\"font-weight: 400;\"><a href=\"https:\/\/www.ausbildung.de\/berufe\/kaufmann-fuer-digitalisierungsmanagement\/\">https:\/\/www.ausbildung.de\/berufe\/kaufmann-fuer-digitalisierungsmanagement\/<\/a><\/p>\n<p style=\"font-weight: 400;\">\n","protected":false},"excerpt":{"rendered":"<p>IT-Berufe Berufsrichtungen Kauffrau\/-mann f\u00fcr System-Management Kauffrau\/-mann f\u00fcr Digitalisierungsmanagement Ausbildungsdauer 3 Jahre Kauffrau\/-mann f\u00fcr System-Management Experte\/Expertin f\u00fcr den Vertrieb von IT-Dienstleistungen. Durch das kaufm\u00e4nnische Fachwissen und das Branchen-Know-how wissen sie genau, wie die Dienstleistungen am&#46;&#46;&#46;<\/p>\n","protected":false},"author":1,"featured_media":0,"parent":0,"menu_order":0,"comment_status":"closed","ping_status":"closed","template":"","meta":{"footnotes":""},"class_list":["post-377","page","type-page","status-publish","hentry"],"_links":{"self":[{"href":"https:\/\/www.k1-hagen.de\/index.php\/wp-json\/wp\/v2\/pages\/377","targetHints":{"allow":["GET"]}}],"collection":[{"href":"https:\/\/www.k1-hagen.de\/index.php\/wp-json\/wp\/v2\/pages"}],"about":[{"href":"https:\/\/www.k1-hagen.de\/index.php\/wp-json\/wp\/v2\/types\/page"}],"author":[{"embeddable":true,"href":"https:\/\/www.k1-hagen.de\/index.php\/wp-json\/wp\/v2\/users\/1"}],"replies":[{"embeddable":true,"href":"https:\/\/www.k1-hagen.de\/index.php\/wp-json\/wp\/v2\/comments?post=377"}],"version-history":[{"count":12,"href":"https:\/\/www.k1-hagen.de\/index.php\/wp-json\/wp\/v2\/pages\/377\/revisions"}],"predecessor-version":[{"id":1576,"href":"https:\/\/www.k1-hagen.de\/index.php\/wp-json\/wp\/v2\/pages\/377\/revisions\/1576"}],"wp:attachment":[{"href":"https:\/\/www.k1-hagen.de\/index.php\/wp-json\/wp\/v2\/media?parent=377"}],"curies":[{"name":"wp","href":"https:\/\/api.w.org\/{rel}","templated":true}]}}