{"id":368,"date":"2021-10-29T12:26:52","date_gmt":"2021-10-29T12:26:52","guid":{"rendered":"https:\/\/new.k1-hagen.de\/?page_id=368"},"modified":"2024-12-16T15:17:10","modified_gmt":"2024-12-16T15:17:10","slug":"fachkraft-fuer-lagerlogistik","status":"publish","type":"page","link":"https:\/\/www.k1-hagen.de\/index.php\/fachkraft-fuer-lagerlogistik\/","title":{"rendered":"Fachkraft f\u00fcr Lagerlogistik"},"content":{"rendered":"<h1 class=\"contentheading\">Fachkraft f\u00fcr Lagerlogistik<\/h1>\n<table border=\"0\">\n<tbody>\n<tr>\n<td align=\"left\" valign=\"top\"><strong>Ausbildungsdauer<\/strong><\/td>\n<td><\/td>\n<td>3 Jahre (eine Verk\u00fcrzung um maximal 1 Jahr ist unter bestimmten Voraussetzungen m\u00f6glich)<\/td>\n<\/tr>\n<tr>\n<td align=\"left\" valign=\"top\"><strong>Voraussetzungen<\/strong><\/td>\n<td><\/td>\n<td>m\u00f6glichst Abschluss Klasse 10<\/td>\n<\/tr>\n<tr>\n<td align=\"left\" valign=\"top\"><strong>Berufsschulunterricht<\/strong><\/td>\n<td><\/td>\n<td>Fachklassen in Teilzeitform (zweimal w\u00f6chentlich)<\/td>\n<\/tr>\n<\/tbody>\n<\/table>\n<h2 class=\"contentheading\">Erw\u00fcnschte F\u00e4higkeiten und Interessen<\/h2>\n<ul>\n<li>Interesse an den F\u00e4chern Wirtschaftslehre und Mathematik<\/li>\n<li>kaufm\u00e4nnisches Denken<\/li>\n<li>\u00dcberblick bei planerischen T\u00e4tigkeiten<\/li>\n<li>Umgang mit Computern<\/li>\n<li>manuelle Geschicklichkeit<\/li>\n<li>Sorgfalt und Ausdauer<\/li>\n<\/ul>\n<h2 class=\"contentheading\">Aufgabengebiete<\/h2>\n<ul>\n<li>Beschaffung, Wareneingang<\/li>\n<li>Lagerwirtschaft<\/li>\n<li>Kommisionieren, Verpacken<\/li>\n<li>Versandabwicklung<\/li>\n<\/ul>\n<p class=\"contentheading\">Ausbildungsschwerpunkte<\/p>\n<ul>\n<li>Berufsbildung<\/li>\n<li>Aufbau und Organisation des Ausbildungsbetriebes<\/li>\n<li>Arbeits- und Tarifrecht, Arbeitsschutz<\/li>\n<li>Arbeitssicherheit, Umweltschutz und rationelle Energieverwendung<\/li>\n<li>Betriebliche Organisation und Kommunikation<\/li>\n<li>Planung und Organisation von logistischen Prozessen<\/li>\n<li>Umgehen mit Arbeitsmitteln<\/li>\n<li>Annehmen von G\u00fctern<\/li>\n<li>Lagern von G\u00fctern<\/li>\n<li>Kommisionieren und Verpacken von G\u00fctern<\/li>\n<li>Versandabwicklung von G\u00fctern<\/li>\n<\/ul>\n<h2 class=\"contentheading\">Unterrichtsschwerpunkte<\/h2>\n<ul>\n<li>G\u00fcter annehmen und kontrollieren<\/li>\n<li>G\u00fcter lagern<\/li>\n<li>G\u00fcter bearbeiten<\/li>\n<li>G\u00fcter im Betrieb transportieren<\/li>\n<li>G\u00fcter kommissionieren<\/li>\n<li>G\u00fcter verpacken<\/li>\n<li>Touren planen<\/li>\n<li>G\u00fcter verladen<\/li>\n<li>G\u00fcter versenden<\/li>\n<li>Logistische Prozesse optimieren<\/li>\n<li>G\u00fcter beschaffen<\/li>\n<li>Kennzahlen ermitteln und auswerten<\/li>\n<li>Wirtschafts- und Betriebslehre<\/li>\n<li>Datenverarbeitung<\/li>\n<li>Fremdsprache<\/li>\n<\/ul>\n<h2 class=\"contentheading\">M\u00f6gliche Abschl\u00fcsse<\/h2>\n<ul>\n<li>Berufsabschlusspr\u00fcfung bei der SIHK Hagen<\/li>\n<li>Berufsschulabschluss an der Kaufmannsschule I<\/li>\n<li>Fachoberschulreife (unter bestimmten Voraussetzungen)<\/li>\n<li>Fachhochschulreife (<a href=\"https:\/\/www.k1-hagen.de\/wp-content\/uploads\/2024\/12\/Flyer-Doppelqualifizierung.pdf\">unter bestimmten Voraussetzungen<\/a>)<\/li>\n<\/ul>\n<h2 class=\"contentheading\">Zusatzqualifikationen<\/h2>\n<table border=\"0\">\n<tbody>\n<tr>\n<td><strong>Bezeichnung:<\/strong><\/td>\n<td><strong>Erwerb des\u00a0<\/strong><a href=\"https:\/\/k1-hagen.de\/wp-content\/uploads\/2021\/10\/KMK_Zertifikat.pdf\"><span class=\"jce_file_custom\">KMK-Fremdsprachenzertifikates Englisch<\/span>\u00a0<\/a><\/td>\n<\/tr>\n<tr>\n<td>Zielgruppe:<\/td>\n<td>Sch\u00fcler\/-innen des Bildungsgangs ohne FOR<\/td>\n<\/tr>\n<tr>\n<td>Voraussetzungen\/Vorkenntnisse:<\/td>\n<td>Englisch Grundkenntnisse<\/td>\n<\/tr>\n<tr>\n<td>Inhalte:<\/td>\n<td>Erwerb von Englischkenntnissen auf der Stufe II (B1) zur Erlangung der FOR<\/td>\n<\/tr>\n<tr>\n<td>Pr\u00fcfung:<\/td>\n<td>KMK-Fremdsprachenzertifikatspr\u00fcfung<\/td>\n<\/tr>\n<tr>\n<td>Zeugnis bzw. Zertifikat:<\/td>\n<td>KMK-Fremdsprachenzertifikat<\/td>\n<\/tr>\n<tr>\n<td>Termine\/Dauer\/Stundenvolumen:<\/td>\n<td>&#8211;<\/td>\n<\/tr>\n<tr>\n<td>Kosten:<\/td>\n<td>&#8211;<\/td>\n<\/tr>\n<tr>\n<td>Ansprechpartner:<\/td>\n<td><a href=\"mailto:rl@k1-hagen.de\">Frau Lonn<\/a><a href=\"mailto:%20%3Cscript%20language='JavaScript'%20type='text\/javascript'%3E%20%3C!--%20var%20prefix%20=%20'mailto:';%20var%20suffix%20=%20'';%20var%20attribs%20=%20'';%20var%20path%20=%20'hr'%20+%20'ef'%20+%20'=';%20var%20addy56919%20=%20'gd'%20+%20'@';%20addy56919%20=%20addy56919%20+%20'k1-hagen'%20+%20'.'%20+%20'de';%20document.write(%20'%3Ca%20'%20+%20path%20+%20'\\''%20+%20prefix%20+%20addy56919%20+%20suffix%20+%20'\\''%20+%20attribs%20+%20'%3E'%20);%20document.write(%20addy56919%20);%20document.write(%20'%3C\\\/a%3E'%20);%20\/\/--%3E%20%3C\/script%3E%3Cscript%20language='JavaScript'%20type='text\/javascript'%3E%20%3C!--%20document.write(%20'%3Cspan%20style=\\'display:%20none;\\'%3E'%20);%20\/\/--%3E%20%3C\/script%3EDiese%20E-Mail-Adresse%20ist%20gegen%20Spambots%20gesch%C3%BCtzt!%20JavaScript%20muss%20aktiviert%20werden,%20damit%20sie%20angezeigt%20werden%20kann.%20%3Cscript%20language='JavaScript'%20type='text\/javascript'%3E%20%3C!--%20document.write(%20'%3C\/'%20);%20document.write(%20'span%3E'%20);%20\/\/--%3E%20%3C\/script%3E\"><br \/>\n<\/a><\/td>\n<\/tr>\n<tr>\n<td valign=\"top\"><\/td>\n<td valign=\"top\"><\/td>\n<\/tr>\n<\/tbody>\n<\/table>\n<table border=\"0\">\n<tbody>\n<tr>\n<td><strong>Bezeichnung:<\/strong><\/td>\n<td><strong>Englisch Stufe II (B1)<\/strong><\/td>\n<\/tr>\n<tr>\n<td>Zielgruppe:<\/td>\n<td>Sch\u00fcler\/-innen des Bildungsgangs ohne FOR<\/td>\n<\/tr>\n<tr>\n<td>Voraussetzungen\/Vorkenntnisse:<\/td>\n<td>Englisch Grundkenntnisse<\/td>\n<\/tr>\n<tr>\n<td>Inhalte:<\/td>\n<td>Erwerb von Englischkenntnissen auf der Stufe II (B1) zur Erlangung der FOR<\/td>\n<\/tr>\n<tr>\n<td>Pr\u00fcfung:<\/td>\n<td>Keine<\/td>\n<\/tr>\n<tr>\n<td>Zeugnis bzw. Zertifikat:<\/td>\n<td>Vermerk FOR auf dem Berufsschulabschlusszeugnis<\/td>\n<\/tr>\n<tr>\n<td>Termine\/Dauer\/Stundenvolumen:<\/td>\n<td>80 UStd<\/td>\n<\/tr>\n<tr>\n<td>Kosten:<\/td>\n<td>Keine<\/td>\n<\/tr>\n<tr>\n<td>Ansprechpartner:<\/td>\n<td>Englischlehrer\/-innen im Bildungsgang<a href=\"mailto:%20%3Cscript%20language='JavaScript'%20type='text\/javascript'%3E%20%3C!--%20var%20prefix%20=%20'mailto:';%20var%20suffix%20=%20'';%20var%20attribs%20=%20'';%20var%20path%20=%20'hr'%20+%20'ef'%20+%20'=';%20var%20addy76193%20=%20'gd'%20+%20'@';%20addy76193%20=%20addy76193%20+%20'k1-hagen'%20+%20'.'%20+%20'de';%20document.write(%20'%3Ca%20'%20+%20path%20+%20'\\''%20+%20prefix%20+%20addy76193%20+%20suffix%20+%20'\\''%20+%20attribs%20+%20'%3E'%20);%20document.write(%20addy76193%20);%20document.write(%20'%3C\\\/a%3E'%20);%20\/\/--%3E%20%3C\/script%3E%3Cscript%20language='JavaScript'%20type='text\/javascript'%3E%20%3C!--%20document.write(%20'%3Cspan%20style=\\'display:%20none;\\'%3E'%20);%20\/\/--%3E%20%3C\/script%3EDiese%20E-Mail-Adresse%20ist%20gegen%20Spambots%20gesch%C3%BCtzt!%20JavaScript%20muss%20aktiviert%20werden,%20damit%20sie%20angezeigt%20werden%20kann.%20%3Cscript%20language='JavaScript'%20type='text\/javascript'%3E%20%3C!--%20document.write(%20'%3C\/'%20);%20document.write(%20'span%3E'%20);%20\/\/--%3E%20%3C\/script%3E\"><br \/>\n<\/a><\/td>\n<td><\/td>\n<\/tr>\n<tr>\n<td valign=\"top\"><\/td>\n<td valign=\"top\"><\/td>\n<td valign=\"top\">\u00c2<\/td>\n<\/tr>\n<\/tbody>\n<\/table>\n<table border=\"0\">\n<tbody>\n<tr>\n<td><strong>Bezeichnung:<\/strong><\/td>\n<td><strong>Ersthelferschulung<\/strong><\/td>\n<\/tr>\n<tr>\n<td>Zielgruppe:<\/td>\n<td>Sch\u00fcler des Bildungsgangs<\/td>\n<\/tr>\n<tr>\n<td>Voraussetzungen\/Vorkenntnisse:<\/td>\n<td>Keine<\/td>\n<\/tr>\n<tr>\n<td>Inhalte:<\/td>\n<td>Erste-Hilfe-Kenntnisse<\/td>\n<\/tr>\n<tr>\n<td>Pr\u00fcfung:<\/td>\n<td>W\u00e4hrend des Seminars<\/td>\n<\/tr>\n<tr>\n<td>Zeugnis bzw. Zertifikat:<\/td>\n<td>Teilnahmebescheinigung<\/td>\n<\/tr>\n<tr>\n<td>Termine\/Dauer\/Stundenvolumen:<\/td>\n<td>Unterstufe des Bildungsgangs,<br \/>\n2 Schultage von 8 bis 14 Uhr<\/td>\n<\/tr>\n<tr>\n<td>Kosten:<\/td>\n<td>Keine<\/td>\n<\/tr>\n<tr>\n<td>Ansprechpartner:<\/td>\n<td><a href=\"mailto:sw@k1-hagen.de\">Herr Schweitzer<\/a><a href=\"mailto:%20%3Cscript%20language='JavaScript'%20type='text\/javascript'%3E%20%3C!--%20var%20prefix%20=%20'mailto:';%20var%20suffix%20=%20'';%20var%20attribs%20=%20'';%20var%20path%20=%20'hr'%20+%20'ef'%20+%20'=';%20var%20addy89686%20=%20'gd'%20+%20'@';%20addy89686%20=%20addy89686%20+%20'k1-hagen'%20+%20'.'%20+%20'de';%20document.write(%20'%3Ca%20'%20+%20path%20+%20'\\''%20+%20prefix%20+%20addy89686%20+%20suffix%20+%20'\\''%20+%20attribs%20+%20'%3E'%20);%20document.write(%20addy89686%20);%20document.write(%20'%3C\\\/a%3E'%20);%20\/\/--%3E%20%3C\/script%3E%3Cscript%20language='JavaScript'%20type='text\/javascript'%3E%20%3C!--%20document.write(%20'%3Cspan%20style=\\'display:%20none;\\'%3E'%20);%20\/\/--%3E%20%3C\/script%3EDiese%20E-Mail-Adresse%20ist%20gegen%20Spambots%20gesch%C3%BCtzt!%20JavaScript%20muss%20aktiviert%20werden,%20damit%20sie%20angezeigt%20werden%20kann.%20%3Cscript%20language='JavaScript'%20type='text\/javascript'%3E%20%3C!--%20document.write(%20'%3C\/'%20);%20document.write(%20'span%3E'%20);%20\/\/--%3E%20%3C\/script%3E\"><br \/>\n<\/a><\/td>\n<\/tr>\n<\/tbody>\n<\/table>\n<h2 class=\"contentheading\">Weiterbildung<\/h2>\n<ul>\n<li>Fortbildung zum\/zur Ausbilder\/in bei der SIHK Hagen<\/li>\n<li>Weiterbildung zum\/zur staatlich gepr\u00fcften Betriebswirt\/in am Berufskolleg der Stadt Hagen &#8211; KAUFMANNSSCHULE I<\/li>\n<li>Weiterbildung zum Gepr\u00fcften Logistikmeister (IHK)<\/li>\n<\/ul>\n","protected":false},"excerpt":{"rendered":"<p>Fachkraft f\u00fcr Lagerlogistik Ausbildungsdauer 3 Jahre (eine Verk\u00fcrzung um maximal 1 Jahr ist unter bestimmten Voraussetzungen m\u00f6glich) Voraussetzungen m\u00f6glichst Abschluss Klasse 10 Berufsschulunterricht Fachklassen in Teilzeitform (zweimal w\u00f6chentlich) Erw\u00fcnschte F\u00e4higkeiten und Interessen Interesse an&#46;&#46;&#46;<\/p>\n","protected":false},"author":1,"featured_media":0,"parent":0,"menu_order":0,"comment_status":"closed","ping_status":"closed","template":"","meta":{"footnotes":""},"class_list":["post-368","page","type-page","status-publish","hentry"],"_links":{"self":[{"href":"https:\/\/www.k1-hagen.de\/index.php\/wp-json\/wp\/v2\/pages\/368","targetHints":{"allow":["GET"]}}],"collection":[{"href":"https:\/\/www.k1-hagen.de\/index.php\/wp-json\/wp\/v2\/pages"}],"about":[{"href":"https:\/\/www.k1-hagen.de\/index.php\/wp-json\/wp\/v2\/types\/page"}],"author":[{"embeddable":true,"href":"https:\/\/www.k1-hagen.de\/index.php\/wp-json\/wp\/v2\/users\/1"}],"replies":[{"embeddable":true,"href":"https:\/\/www.k1-hagen.de\/index.php\/wp-json\/wp\/v2\/comments?post=368"}],"version-history":[{"count":3,"href":"https:\/\/www.k1-hagen.de\/index.php\/wp-json\/wp\/v2\/pages\/368\/revisions"}],"predecessor-version":[{"id":2220,"href":"https:\/\/www.k1-hagen.de\/index.php\/wp-json\/wp\/v2\/pages\/368\/revisions\/2220"}],"wp:attachment":[{"href":"https:\/\/www.k1-hagen.de\/index.php\/wp-json\/wp\/v2\/media?parent=368"}],"curies":[{"name":"wp","href":"https:\/\/api.w.org\/{rel}","templated":true}]}}