{"id":365,"date":"2021-10-29T12:25:05","date_gmt":"2021-10-29T12:25:05","guid":{"rendered":"https:\/\/new.k1-hagen.de\/?page_id=365"},"modified":"2023-11-27T09:04:11","modified_gmt":"2023-11-27T09:04:11","slug":"eisenbahner-in-im-betriebsdienst","status":"publish","type":"page","link":"https:\/\/www.k1-hagen.de\/index.php\/eisenbahner-in-im-betriebsdienst\/","title":{"rendered":"Eisenbahner\/in in der Zugverkehrssteuerung"},"content":{"rendered":"<h1 class=\"contentheading\">Eisenbahner\/in in der Zugverkehrssteuerung<\/h1>\n<table border=\"0\">\n<tbody>\n<tr>\n<td align=\"left\" valign=\"top\"><\/td>\n<td><\/td>\n<td><\/td>\n<\/tr>\n<tr>\n<td align=\"left\" valign=\"top\"><strong>Ausbildungsdauer<\/strong><\/td>\n<td><\/td>\n<td>2,5 Jahre<\/td>\n<\/tr>\n<tr>\n<td align=\"left\" valign=\"top\"><strong>Voraussetzungen<\/strong><\/td>\n<td><\/td>\n<td>Mittlerer Schulabschluss, FHR, AHR oder h\u00f6her<\/td>\n<\/tr>\n<tr>\n<td align=\"left\" valign=\"top\"><strong>Berufsschulunterricht<\/strong><\/td>\n<td><\/td>\n<td>Fachklassen in Blockform (13 Wochen in 2 Bl\u00f6cken pro Jahr)<\/td>\n<\/tr>\n<\/tbody>\n<\/table>\n<h2 class=\"contentheading\">Ausbildungsinhalte gem. Ausbildungsrahmenplan<\/h2>\n<ul>\n<li>Organisation des Ausbildungsbetriebes, Berufsbildung sowie Arbeits- und Tarifrecht<\/li>\n<li>Sicherheit und Gesundheit bei der Arbeit<\/li>\n<li>Umweltschutz und Nachhaltigkeit<\/li>\n<li>Digitalisierte Arbeitswelt<\/li>\n<li>Mitwirken an logistischen und betrieblichen Prozessen sowie an Qualit\u00e4ts- und Sicherheitsmanagementprozessen<\/li>\n<li>Durchf\u00fchren von betrieblicher und technischer Kommunikation sowie von Kundenkommunikation<\/li>\n<li>Die Sicherheitsrichtlinien f\u00fcr den Eisenbahnbetrieb anwenden<\/li>\n<li>Rechtliche Regelungen einhalten; die Rollen der Beteiligten im Eisenbahnbetrieb und ihre Aufgaben im Eisenbahnsystem verstehen und unterscheiden<\/li>\n<li>Fahrzeuge sowie Bahn- und Gleisanlagen einschlie\u00dflich technischer Serviceeinrichtungen nach ihren Zwecken unterscheiden<\/li>\n<li>Steuerung und Sicherung der Zugfolge, Fahrwegelemente und Fahrstra\u00dfen in ihrer Funktion beschreiben und unterscheiden<\/li>\n<li>Zugbeeinflussungssysteme beschreiben und unterscheiden, Zugbeeinflussungsanlagen bedienen<\/li>\n<li>Am Notfallmanagement mitwirken<\/li>\n<li>Sicheres Bedienen von Stellwerkseinrichtungen<\/li>\n<li>Sicheres Leiten des Fahrdienstes bei Regelbetrieb<\/li>\n<li>Sicheres Leiten des Fahrdienstes bei Abweichungen<\/li>\n<li>Sicheres Leiten des Fahrdienstes bei St\u00f6rungen und gef\u00e4hrlichen Ereignissen<\/li>\n<li>Mitwirken an Trassenplanung und Trassenkonstruktion sowie an Koordinierungsprozessen zwischen Eisenbahninfrastrukturunternehmen und Eisenbahnverkehrsunternehmen<\/li>\n<\/ul>\n<h2 class=\"contentheading\">Unterrichtsf\u00e4cher im berufsbezogenen Bereich<\/h2>\n<ul>\n<li>Gew\u00e4hrleistung von sicherem Bahnbetrieb<\/li>\n<li>Sicherung und Koordination von Fahrzeugbewegungen<\/li>\n<li>Steuerung von Zug- und Rangierfahrten<\/li>\n<li>Wirtschafts- und Betriebslehre<\/li>\n<li>Fremdsprache (Englisch)<\/li>\n<\/ul>\n<h2 class=\"contentheading\">Unterrichtsfach im Differenzierungsbereich<\/h2>\n<ul>\n<li>Technische Kommunikation<\/li>\n<\/ul>\n<h2 class=\"contentheading\">Unterrichtsf\u00e4cher im berufs\u00fcbergreifenden Bereich<\/h2>\n<ul>\n<li>Deutsch\/ Kommunikation<\/li>\n<li>Politik\/ Gesellschaftslehre<\/li>\n<li>Religionslehre<\/li>\n<li>Sport\/ Gesundheitsf\u00f6rderung<\/li>\n<\/ul>\n<h2 class=\"contentheading\">M\u00f6gliche Abschl\u00fcsse<\/h2>\n<ul>\n<li>Berufsabschlusspr\u00fcfung bei der SIHK Hagen oder bei der IHK Dortmund<\/li>\n<li>Berufsschulabschluss an der Kaufmannsschule I<\/li>\n<\/ul>\n<h2 class=\"contentheading\">Fort- und Weiterbildung<\/h2>\n<p style=\"font-weight: 400;\">Fachwirt f\u00fcr den Bahnbetrieb mit sp\u00e4teren T\u00e4tigkeiten als:<\/p>\n<ul>\n<li>Disponent in der Betriebszentrale<\/li>\n<li>Bezirksleiter Betrieb in einem der Netzbezirke<\/li>\n<li>Trassenmanager im Bereich Vertrieb<\/li>\n<li>Betrieblicher Infrastrukturplaner im Netzmanagement<\/li>\n<\/ul>\n<h1>Ansprechpartner<\/h1>\n<ul>\n<li>Herr Gr\u00fcndling (Fachbereichsleiter)<\/li>\n<li>Frau Meckel (Bildungsgangbetreuerin)<\/li>\n<\/ul>\n<h1>Anmeldung<\/h1>\n<p><a href=\"https:\/\/schulbewerbung.de\/app\/startseite\" target=\"_blank\" rel=\"noopener\">[<strong>Anmeldeverfahren \u00fcber Schulbewerbung.de<\/strong>]<\/a>.<\/p>\n","protected":false},"excerpt":{"rendered":"<p>Eisenbahner\/in in der Zugverkehrssteuerung Ausbildungsdauer 2,5 Jahre Voraussetzungen Mittlerer Schulabschluss, FHR, AHR oder h\u00f6her Berufsschulunterricht Fachklassen in Blockform (13 Wochen in 2 Bl\u00f6cken pro Jahr) Ausbildungsinhalte gem. Ausbildungsrahmenplan Organisation des Ausbildungsbetriebes, Berufsbildung sowie Arbeits-&#46;&#46;&#46;<\/p>\n","protected":false},"author":1,"featured_media":0,"parent":0,"menu_order":0,"comment_status":"closed","ping_status":"closed","template":"","meta":{"footnotes":""},"class_list":["post-365","page","type-page","status-publish","hentry"],"_links":{"self":[{"href":"https:\/\/www.k1-hagen.de\/index.php\/wp-json\/wp\/v2\/pages\/365","targetHints":{"allow":["GET"]}}],"collection":[{"href":"https:\/\/www.k1-hagen.de\/index.php\/wp-json\/wp\/v2\/pages"}],"about":[{"href":"https:\/\/www.k1-hagen.de\/index.php\/wp-json\/wp\/v2\/types\/page"}],"author":[{"embeddable":true,"href":"https:\/\/www.k1-hagen.de\/index.php\/wp-json\/wp\/v2\/users\/1"}],"replies":[{"embeddable":true,"href":"https:\/\/www.k1-hagen.de\/index.php\/wp-json\/wp\/v2\/comments?post=365"}],"version-history":[{"count":7,"href":"https:\/\/www.k1-hagen.de\/index.php\/wp-json\/wp\/v2\/pages\/365\/revisions"}],"predecessor-version":[{"id":1848,"href":"https:\/\/www.k1-hagen.de\/index.php\/wp-json\/wp\/v2\/pages\/365\/revisions\/1848"}],"wp:attachment":[{"href":"https:\/\/www.k1-hagen.de\/index.php\/wp-json\/wp\/v2\/media?parent=365"}],"curies":[{"name":"wp","href":"https:\/\/api.w.org\/{rel}","templated":true}]}}