{"id":330,"date":"2021-10-27T16:06:33","date_gmt":"2021-10-27T16:06:33","guid":{"rendered":"https:\/\/new.k1-hagen.de\/?page_id=330"},"modified":"2023-11-27T08:40:58","modified_gmt":"2023-11-27T08:40:58","slug":"berufsfachschule","status":"publish","type":"page","link":"https:\/\/www.k1-hagen.de\/index.php\/berufsfachschule\/","title":{"rendered":"Berufsfachschule"},"content":{"rendered":"<div class=\"intro-article-content\">\n<div class=\"article_row\">\n<div class=\"article_column column1 cols1\">\n<div class=\"\">\n<div class=\"article-rel-wrapper\">\n<h2 class=\"contentheading\">Berufsfachschule<\/h2>\n<\/div>\n<p>Die Chance, einen Ausbildungsplatz in einem kaufm\u00e4nnischen Beruf zu erwerben sowie sich gr\u00fcndlich auf eine kaufm\u00e4nnische Berufst\u00e4tigkeit vorzubereiten, sind die zentralen Pluspunkte f\u00fcr den Besuch der Berufsfachschule f\u00fcr Wirtschaft und Verwaltung am Berufskolleg der Stadt Hagen &#8211; KAUFMANNSSCHULE 1.<\/p>\n<p>Sch\u00fcler\/innen, welche die Berufsfachschule erfolgreich besucht haben, erwerben zudem das Anrecht auf Verk\u00fcrzung ihrer Ausbildungszeit um ein Jahr.<\/p>\n<p>Unter bestimmten Voraussetzungen haben Sch\u00fcler\/innen Anspruch auf BAF\u00f6G.<\/p>\n<p>&nbsp;<\/p>\n<p>Die Anmeldung zur Berufsfachschule erfolgt\u00a0in der Regel im Februar nach Erhalt der Halbjahreszeugnisse\u00a0und zwar im <a href=\"https:\/\/schulbewerbung.de\/app\/startseite\">[<strong>Anmeldeverfahren \u00fcber Schulbewerbung.de<\/strong>]<\/a>.<\/p>\n<p class=\"bodytext\">Weitere Informationen und Beratung erhalten Sie im Sekretariat der Kaufmannsschule 1.<\/p>\n<\/div>\n<\/div>\n<p><span class=\"row_separator\">\u00a0<\/span><\/p>\n<\/div>\n<\/div>\n<div class=\"intro-article-content\">\n<div class=\"article_row\">\n<div class=\"article_column column1 cols1\">\n<div class=\"\">\n<div class=\"article-rel-wrapper\">\n<h2 class=\"contentheading\">Typen der Berufsfachschule<\/h2>\n<\/div>\n<p><a href=\"https:\/\/k1-hagen.de\/index.php\/einjaehrige-berufsfachschule-typ-1\/\"><strong>Einj\u00e4hrige Berufsfachschule f\u00fcr Wirtschaft und Verwaltung (fr\u00fcher Handelsschule) Typ I<\/strong><\/a><\/p>\n<p><a href=\"https:\/\/k1-hagen.de\/index.php\/einjaehrige-berufsfachschule-typ-2\/\"><strong>Einj\u00e4hrige Berufsfachschule f\u00fcr Wirtschaft und Verwaltung (fr\u00fcher Handelsschule) Typ II<\/strong><\/a><\/p>\n<\/div>\n<\/div>\n<p><span class=\"row_separator\">\u00a0<\/span><\/p>\n<\/div>\n<\/div>\n","protected":false},"excerpt":{"rendered":"<p>Berufsfachschule Die Chance, einen Ausbildungsplatz in einem kaufm\u00e4nnischen Beruf zu erwerben sowie sich gr\u00fcndlich auf eine kaufm\u00e4nnische Berufst\u00e4tigkeit vorzubereiten, sind die zentralen Pluspunkte f\u00fcr den Besuch der Berufsfachschule f\u00fcr Wirtschaft und Verwaltung am Berufskolleg&#46;&#46;&#46;<\/p>\n","protected":false},"author":1,"featured_media":0,"parent":0,"menu_order":0,"comment_status":"closed","ping_status":"closed","template":"","meta":{"footnotes":""},"class_list":["post-330","page","type-page","status-publish","hentry"],"_links":{"self":[{"href":"https:\/\/www.k1-hagen.de\/index.php\/wp-json\/wp\/v2\/pages\/330","targetHints":{"allow":["GET"]}}],"collection":[{"href":"https:\/\/www.k1-hagen.de\/index.php\/wp-json\/wp\/v2\/pages"}],"about":[{"href":"https:\/\/www.k1-hagen.de\/index.php\/wp-json\/wp\/v2\/types\/page"}],"author":[{"embeddable":true,"href":"https:\/\/www.k1-hagen.de\/index.php\/wp-json\/wp\/v2\/users\/1"}],"replies":[{"embeddable":true,"href":"https:\/\/www.k1-hagen.de\/index.php\/wp-json\/wp\/v2\/comments?post=330"}],"version-history":[{"count":8,"href":"https:\/\/www.k1-hagen.de\/index.php\/wp-json\/wp\/v2\/pages\/330\/revisions"}],"predecessor-version":[{"id":1844,"href":"https:\/\/www.k1-hagen.de\/index.php\/wp-json\/wp\/v2\/pages\/330\/revisions\/1844"}],"wp:attachment":[{"href":"https:\/\/www.k1-hagen.de\/index.php\/wp-json\/wp\/v2\/media?parent=330"}],"curies":[{"name":"wp","href":"https:\/\/api.w.org\/{rel}","templated":true}]}}