{"id":1431,"date":"2022-12-19T15:49:42","date_gmt":"2022-12-19T15:49:42","guid":{"rendered":"https:\/\/www.k1-hagen.de\/?page_id=1431"},"modified":"2023-11-27T09:03:13","modified_gmt":"2023-11-27T09:03:13","slug":"eisenbahner-in-im-betriebsdienst-2","status":"publish","type":"page","link":"https:\/\/www.k1-hagen.de\/index.php\/eisenbahner-in-im-betriebsdienst-2\/","title":{"rendered":"Eisenbahner\/in im Betriebsdienst Lokf\u00fchrer\/in und Transport"},"content":{"rendered":"<h1 class=\"contentheading\">Eisenbahner\/in im Betriebsdienst Lokf\u00fchrer\/in und Transport<\/h1>\n<table border=\"0\">\n<tbody>\n<tr>\n<td align=\"left\" valign=\"top\"><\/td>\n<td><\/td>\n<td><\/td>\n<\/tr>\n<tr>\n<td align=\"left\" valign=\"top\"><strong>Ausbildungsdauer<\/strong><\/td>\n<td><\/td>\n<td>3 Jahre (2,5 Jahre m\u00f6glich)<\/td>\n<\/tr>\n<tr>\n<td align=\"left\" valign=\"top\"><strong>Voraussetzungen<\/strong><\/td>\n<td><\/td>\n<td>Erweiterter Erster Schulabschluss oder Mittlerer Schulabschluss<\/td>\n<\/tr>\n<tr>\n<td align=\"left\" valign=\"top\"><strong>Berufsschulunterricht<\/strong><\/td>\n<td><\/td>\n<td>Fachklassen in Blockform (13 Wochen in 2 Bl\u00f6cken pro Jahr)<\/td>\n<\/tr>\n<\/tbody>\n<\/table>\n<h2 class=\"contentheading\">Erw\u00fcnschte F\u00e4higkeiten und Interessen<\/h2>\n<ul>\n<li>Begeisterung f\u00fcr Technik<\/li>\n<li>Zuverl\u00e4ssigkeit und Verantwortungsbewusstsein<\/li>\n<li>Kommunikative F\u00e4higkeiten und Entscheidungsst\u00e4rke<\/li>\n<li>Die F\u00e4higkeit, auch in komplexen Situationen den \u00dcberblick zu bewahren<\/li>\n<li>Belastbarkeit und Koordinationsverm\u00f6gen<\/li>\n<li>Die Bereitschaft zum Schichtdienst und zur Arbeit auch an Wochenenden<\/li>\n<\/ul>\n<h2 class=\"contentheading\">Ausbildungsinhalte gem. Ausbildungsrahmenplan<\/h2>\n<ul>\n<li>Organisation des Ausbildungsbetriebes, Berufsbildung sowie Arbeits- und Tarifrecht<\/li>\n<li>Sicherheit und Gesundheit bei der Arbeit<\/li>\n<li>Umweltschutz und Nachhaltigkeit<\/li>\n<li>Digitalisierte Arbeitswelt<\/li>\n<li>Mitwirken an logistischen und betrieblichen Prozessen sowie an Qualit\u00e4ts- und Sicherheitsmanagementprozessen<\/li>\n<li>Durchf\u00fchren von betrieblicher und technischer Kommunikation sowie von Kundenkommunikation<\/li>\n<li>Die Sicherheitsrichtlinien f\u00fcr den Eisenbahnbetrieb anwenden<\/li>\n<li>Rechtliche Regelungen einhalten; die Rollen der Beteiligten im Eisenbahnbetrieb und ihre Aufgaben im Eisenbahnsystem verstehen und unterscheiden<\/li>\n<li>Fahrzeuge sowie Bahn- und Gleisanlagen einschlie\u00dflich technischer Serviceeinrichtungen nach ihren Zwecken unterscheiden<\/li>\n<li>Steuerung und Sicherung der Zugfolge, Fahrwegelemente und Fahrstra\u00dfen in ihrer Funktion beschreiben und unterscheiden<\/li>\n<\/ul>\n<ul>\n<li>Zugbeeinflussungssysteme beschreiben und unterscheiden, Zugbeeinflussungsanlagen bedienen<\/li>\n<li>Am Notfallmanagement mitwirken<\/li>\n<li>Auftr\u00e4ge entgegennehmen und die f\u00fcr die Ausf\u00fchrung notwendigen Arbeitsmittel auf ihre Einsatzf\u00e4higkeit pr\u00fcfen<\/li>\n<li>Fahrzeuge vor und nach der Fahrt pr\u00fcfen<\/li>\n<li>Bremsen pr\u00fcfen und bedienen<\/li>\n<li>Zug- und Rangierfahrten im Regelfall durchf\u00fchren Zug- und Rangierfahrten bei Abweichungen und St\u00f6rungen durchf\u00fchren<\/li>\n<li>Verkehrs-, Personal- und Fahrzeugdispositionen sowie Planung innerhalb des Aufgabengebietes beschreiben<\/li>\n<li>G\u00fcter transportieren und Personen bef\u00f6rdern<\/li>\n<li>Organisation des Ausbildungsbetriebes, Berufsbildung sowie Arbeits- und Tarifrecht<\/li>\n<li>Sicherheit und Gesundheit bei der Arbeit<\/li>\n<li>Umweltschutz und Nachhaltigkeit<\/li>\n<li>Digitalisierte Arbeitswelt<\/li>\n<li>Mitwirken an logistischen und betrieblichen Prozessen sowie an Qualit\u00e4ts- und Sicherheitsmanagementprozessen<\/li>\n<li>Durchf\u00fchren von betrieblicher und technischer Kommunikation sowie von Kundenkommunikation<\/li>\n<\/ul>\n<h2 class=\"contentheading\">Unterrichtsf\u00e4cher im berufsbezogenen Bereich<\/h2>\n<ul>\n<li>Gew\u00e4hrleistung von sicherem Bahnbetrieb<\/li>\n<li>Pr\u00fcfung und Handhabung von Schienenfahrzeugen<\/li>\n<li>Durchf\u00fchrung von Zug- und Rangierfahrten<\/li>\n<li>Wirtschafts- und Betriebslehre<\/li>\n<li>Fremdsprache (Englisch)<\/li>\n<\/ul>\n<h2 class=\"contentheading\">Unterrichtsf\u00e4cher im Differenzierungsbereich<\/h2>\n<ul>\n<li>Technische Kommunikation<\/li>\n<\/ul>\n<h2 class=\"contentheading\">Unterrichtsf\u00e4cher im berufs\u00fcbergreifenden Bereich<\/h2>\n<ul>\n<li>Deutsch\/ Kommunikation<\/li>\n<li>Politik\/ Gesellschaftslehre<\/li>\n<li>Religionslehre<\/li>\n<li>Sport\/ Gesundheitsf\u00f6rderung<\/li>\n<\/ul>\n<h2 class=\"contentheading\">M\u00f6gliche Abschl\u00fcsse<\/h2>\n<ul>\n<li>Berufsabschlusspr\u00fcfung bei der SIHK Hagen oder bei der IHK Dortmund<\/li>\n<li>Berufsschulabschluss an der Kaufmannsschule I<\/li>\n<li>Fachoberschulreife unter bestimmten Voraussetzungen<\/li>\n<\/ul>\n<h2 class=\"contentheading\">Zusatzqualifikationen<\/h2>\n<ul>\n<li>Erwerb von Englischkenntnissen auf der Niveaustufe B1 zur Erlangung der FOR<\/li>\n<\/ul>\n<h2 class=\"contentheading\">Fort- und Weiterbildung<\/h2>\n<ul>\n<li>Meister\/-in f\u00fcr Bahnverkehr (IHK)<\/li>\n<\/ul>\n<h2 class=\"contentheading\">Ansprechpartner<\/h2>\n<ul>\n<li>Herr Gr\u00fcndling (Fachbereichsleiter)<\/li>\n<li>Frau Meckel (Bildungsgangbetreuerin)<\/li>\n<\/ul>\n<h2 class=\"contentheading\">Anmeldung<\/h2>\n<p><a href=\"https:\/\/schulbewerbung.de\/app\/startseite\" target=\"_blank\" rel=\"noopener\">[<strong>Anmeldeverfahren \u00fcber Schulbewerbung.de<\/strong>]<\/a>.<\/p>\n","protected":false},"excerpt":{"rendered":"<p>Eisenbahner\/in im Betriebsdienst Lokf\u00fchrer\/in und Transport Ausbildungsdauer 3 Jahre (2,5 Jahre m\u00f6glich) Voraussetzungen Erweiterter Erster Schulabschluss oder Mittlerer Schulabschluss Berufsschulunterricht Fachklassen in Blockform (13 Wochen in 2 Bl\u00f6cken pro Jahr) Erw\u00fcnschte F\u00e4higkeiten und Interessen&#46;&#46;&#46;<\/p>\n","protected":false},"author":1,"featured_media":0,"parent":0,"menu_order":0,"comment_status":"closed","ping_status":"closed","template":"","meta":{"footnotes":""},"class_list":["post-1431","page","type-page","status-publish","hentry"],"_links":{"self":[{"href":"https:\/\/www.k1-hagen.de\/index.php\/wp-json\/wp\/v2\/pages\/1431","targetHints":{"allow":["GET"]}}],"collection":[{"href":"https:\/\/www.k1-hagen.de\/index.php\/wp-json\/wp\/v2\/pages"}],"about":[{"href":"https:\/\/www.k1-hagen.de\/index.php\/wp-json\/wp\/v2\/types\/page"}],"author":[{"embeddable":true,"href":"https:\/\/www.k1-hagen.de\/index.php\/wp-json\/wp\/v2\/users\/1"}],"replies":[{"embeddable":true,"href":"https:\/\/www.k1-hagen.de\/index.php\/wp-json\/wp\/v2\/comments?post=1431"}],"version-history":[{"count":11,"href":"https:\/\/www.k1-hagen.de\/index.php\/wp-json\/wp\/v2\/pages\/1431\/revisions"}],"predecessor-version":[{"id":1847,"href":"https:\/\/www.k1-hagen.de\/index.php\/wp-json\/wp\/v2\/pages\/1431\/revisions\/1847"}],"wp:attachment":[{"href":"https:\/\/www.k1-hagen.de\/index.php\/wp-json\/wp\/v2\/media?parent=1431"}],"curies":[{"name":"wp","href":"https:\/\/api.w.org\/{rel}","templated":true}]}}